CRAN Package Check Results for Package plot.matrix

Last updated on 2021-12-01 19:51:44 CET.

Flavor Version Tinstall Tcheck Ttotal Status Flags
r-devel-linux-x86_64-debian-clang 1.6 3.21 41.93 45.14 OK
r-devel-linux-x86_64-debian-gcc 1.6 2.26 32.66 34.92 OK
r-devel-linux-x86_64-fedora-clang 1.6 65.22 NOTE
r-devel-linux-x86_64-fedora-gcc 1.6 53.95 OK
r-devel-windows-x86_64-new-UL 1.6 10.00 88.00 98.00 OK
r-devel-windows-x86_64-new-TK 1.6 OK
r-devel-windows-x86_64-old 1.6 6.00 45.00 51.00 OK
r-patched-linux-x86_64 1.6 3.60 39.58 43.18 OK
r-patched-solaris-x86 1.6 55.40 OK
r-release-linux-x86_64 1.6 2.72 39.17 41.89 OK
r-release-macos-arm64 1.6 OK
r-release-macos-x86_64 1.6 OK
r-release-windows-ix86+x86_64 1.6 7.00 44.00 51.00 OK
r-oldrel-macos-x86_64 1.6 OK
r-oldrel-windows-ix86+x86_64 1.6 6.00 57.00 63.00 OK

Check Details

Version: 1.6
Check: Rd cross-references
Result: NOTE
    Undeclared package ‘exams’ in Rd xrefs
Flavor: r-devel-linux-x86_64-fedora-clang