CRAN Package Check Results for Package plsRcox

Last updated on 2022-01-17 19:49:43 CET.

Flavor Version Tinstall Tcheck Ttotal Status Flags
r-devel-linux-x86_64-debian-clang 1.7.6 29.78 276.76 306.54 OK
r-devel-linux-x86_64-debian-gcc 1.7.6 28.85 205.38 234.23 OK
r-devel-linux-x86_64-fedora-clang 1.7.6 371.79 OK
r-devel-linux-x86_64-fedora-gcc 1.7.6 354.59 OK
r-devel-windows-x86_64-new-UL 1.7.6 75.00 277.00 352.00 OK
r-devel-windows-x86_64-new-TK 1.7.6 ERROR
r-patched-linux-x86_64 1.7.6 36.02 265.26 301.28 OK
r-release-linux-x86_64 1.7.6 OK
r-release-macos-arm64 1.7.6 OK
r-release-macos-x86_64 1.7.6 OK
r-release-windows-ix86+x86_64 1.7.6 71.00 299.00 370.00 OK
r-oldrel-macos-x86_64 1.7.6 OK
r-oldrel-windows-ix86+x86_64 1.7.6 73.00 305.00 378.00 OK

Check Details

Version: 1.7.6
Check: package dependencies
Result: ERROR
    Package required but not available: 'plsRglm'
    
    See section 'The DESCRIPTION file' in the 'Writing R Extensions'
    manual.
Flavor: r-devel-windows-x86_64-new-TK