CRAN Package Check Results for Package plyr

Last updated on 2024-06-21 21:52:03 CEST.

Flavor Version Tinstall Tcheck Ttotal Status Flags
r-devel-linux-x86_64-debian-clang 1.8.9 25.95 87.55 113.50 OK
r-devel-linux-x86_64-debian-gcc 1.8.9 17.34 63.47 80.81 OK
r-devel-linux-x86_64-fedora-clang 1.8.9 143.55 OK
r-devel-linux-x86_64-fedora-gcc 1.8.9 138.14 OK
r-devel-windows-x86_64 1.8.9 23.00 112.00 135.00 OK
r-patched-linux-x86_64 1.8.9 22.44 83.90 106.34 OK
r-release-linux-x86_64 1.8.9 22.10 83.94 106.04 OK
r-release-macos-arm64 1.8.9 41.00 NOTE
r-release-macos-x86_64 1.8.9 67.00 OK
r-release-windows-x86_64 1.8.9 23.00 113.00 136.00 OK
r-oldrel-macos-arm64 1.8.9 52.00 OK
r-oldrel-macos-x86_64 1.8.9 115.00 OK
r-oldrel-windows-x86_64 1.8.9 27.00 134.00 161.00 OK

Check Details

Version: 1.8.9
Check: package dependencies
Result: NOTE Package suggested but not available for checking: ‘abind’ Flavor: r-release-macos-arm64