CRAN Package Check Results for Package pointblank

Last updated on 2021-12-04 19:53:05 CET.

Flavor Version Tinstall Tcheck Ttotal Status Flags
r-devel-linux-x86_64-debian-clang 0.9.0 23.95 242.76 266.71 OK
r-devel-linux-x86_64-debian-gcc 0.9.0 17.91 181.86 199.77 OK
r-devel-linux-x86_64-fedora-clang 0.9.0 336.60 NOTE
r-devel-linux-x86_64-fedora-gcc 0.9.0 323.38 NOTE
r-devel-windows-x86_64-new-UL 0.9.0 56.00 309.00 365.00 OK
r-devel-windows-x86_64-new-TK 0.9.0 NOTE
r-devel-windows-x86_64-old 0.9.0 38.00 213.00 251.00 OK
r-patched-linux-x86_64 0.9.0 29.47 224.83 254.30 OK
r-release-linux-x86_64 0.9.0 21.00 221.56 242.56 OK
r-release-macos-arm64 0.9.0 NOTE
r-release-macos-x86_64 0.9.0 NOTE
r-release-windows-ix86+x86_64 0.9.0 43.00 276.00 319.00 OK
r-oldrel-macos-x86_64 0.9.0 NOTE
r-oldrel-windows-ix86+x86_64 0.9.0 42.00 285.00 327.00 OK

Check Details

Version: 0.9.0
Check: data for non-ASCII characters
Result: NOTE
     Note: found 1 marked UTF-8 string
Flavors: r-devel-linux-x86_64-fedora-clang, r-devel-linux-x86_64-fedora-gcc, r-devel-windows-x86_64-new-TK, r-release-macos-arm64, r-release-macos-x86_64, r-oldrel-macos-x86_64