Last updated on 2023-02-03 19:52:14 CET.
Flavor | Version | Tinstall | Tcheck | Ttotal | Status | Flags |
---|---|---|---|---|---|---|
r-devel-linux-x86_64-debian-clang | 1.1.2 | 479.94 | 1268.62 | 1748.56 | OK | |
r-devel-linux-x86_64-debian-gcc | 1.1.2 | 357.44 | 871.63 | 1229.07 | OK | |
r-devel-linux-x86_64-fedora-clang | 1.1.2 | 1952.79 | NOTE | |||
r-devel-linux-x86_64-fedora-gcc | 1.1.2 | 1957.84 | OK | |||
r-devel-windows-x86_64 | 1.1.2 | 428.00 | 972.00 | 1400.00 | NOTE | |
r-patched-linux-x86_64 | 1.1.2 | 444.43 | 1182.44 | 1626.87 | OK | |
r-release-linux-x86_64 | 1.1.2 | 447.49 | 1169.86 | 1617.35 | OK | |
r-release-macos-arm64 | 1.1.2 | 311.00 | NOTE | |||
r-release-macos-x86_64 | 1.1.2 | 744.00 | NOTE | |||
r-release-windows-x86_64 | 1.1.2 | 447.00 | 968.00 | 1415.00 | NOTE | |
r-oldrel-macos-arm64 | 1.1.2 | 448.00 | NOTE | |||
r-oldrel-macos-x86_64 | 1.1.2 | 923.00 | NOTE | |||
r-oldrel-windows-ix86+x86_64 | 1.1.2 | 622.00 | 1021.00 | 1643.00 | NOTE |
Version: 1.1.2
Check: installed package size
Result: NOTE
installed size is 12.1Mb
sub-directories of 1Mb or more:
R 6.5Mb
data 4.6Mb
Flavors: r-devel-linux-x86_64-fedora-clang, r-devel-windows-x86_64, r-release-macos-arm64, r-release-macos-x86_64, r-release-windows-x86_64, r-oldrel-macos-arm64, r-oldrel-macos-x86_64, r-oldrel-windows-ix86+x86_64
Version: 1.1.2
Check: package dependencies
Result: NOTE
Package suggested but not available for checking: ‘polyRAD’
Flavors: r-release-macos-arm64, r-oldrel-macos-arm64
Version: 1.1.2
Check: Rd cross-references
Result: NOTE
Package unavailable to check Rd xrefs: ‘polyRAD’
Flavors: r-release-macos-arm64, r-oldrel-macos-arm64