CRAN Package Check Results for Package polynom

Last updated on 2021-05-05 22:51:44 CEST.

Flavor Version Tinstall Tcheck Ttotal Status Flags
r-devel-linux-x86_64-debian-clang 1.4-0 2.71 34.11 36.82 NOTE
r-devel-linux-x86_64-debian-gcc 1.4-0 2.04 26.77 28.81 NOTE
r-devel-linux-x86_64-fedora-clang 1.4-0 55.08 OK
r-devel-linux-x86_64-fedora-gcc 1.4-0 45.64 OK
r-devel-windows-ix86+x86_64 1.4-0 5.00 62.00 67.00 NOTE
r-devel-windows-x86_64-gcc10-UCRT 1.4-0 OK
r-patched-linux-x86_64 1.4-0 2.95 33.56 36.51 NOTE
r-patched-solaris-x86 1.4-0 55.60 OK
r-release-linux-x86_64 1.4-0 2.58 33.03 35.61 NOTE
r-release-macos-x86_64 1.4-0 OK
r-release-windows-ix86+x86_64 1.4-0 5.00 43.00 48.00 NOTE
r-oldrel-macos-x86_64 1.4-0 WARN
r-oldrel-windows-ix86+x86_64 1.4-0 5.00 58.00 63.00 OK

Check Details

Version: 1.4-0
Check: package vignettes
Result: NOTE
    Package vignette with placeholder title 'Vignette Title':
     'polynomials.Rmd'
Flavors: r-devel-linux-x86_64-debian-clang, r-devel-linux-x86_64-debian-gcc, r-devel-windows-ix86+x86_64, r-patched-linux-x86_64, r-release-linux-x86_64, r-release-windows-ix86+x86_64

Version: 1.4-0
Check: re-building of vignette outputs
Result: WARN
    Error(s) in re-building vignettes:
     ...
    --- re-building ‘polynomials.Rmd’ using rmarkdown
    Warning in engine$weave(file, quiet = quiet, encoding = enc) :
     Pandoc (>= 1.12.3) and/or pandoc-citeproc not available. Falling back to R Markdown v1.
    Error: processing vignette 'polynomials.Rmd' failed with diagnostics:
    there is no package called 'stringi'
    --- failed re-building ‘polynomials.Rmd’
    
    SUMMARY: processing the following file failed:
     ‘polynomials.Rmd’
    
    Error: Vignette re-building failed.
    Execution halted
Flavor: r-oldrel-macos-x86_64