CRAN Package Check Results for Package pom

Last updated on 2022-05-27 21:51:29 CEST.

Flavor Version Tinstall Tcheck Ttotal Status Flags
r-devel-linux-x86_64-debian-clang 1.1 1.67 40.38 42.05 NOTE
r-devel-linux-x86_64-debian-gcc 1.1 1.79 30.38 32.17 NOTE
r-devel-linux-x86_64-fedora-clang 1.1 51.20 NOTE
r-devel-linux-x86_64-fedora-gcc 1.1 40.10 NOTE
r-devel-windows-x86_64 1.1 11.00 62.00 73.00 NOTE
r-patched-linux-x86_64 1.1 1.65 38.37 40.02 NOTE
r-release-linux-x86_64 1.1 2.24 38.98 41.22 NOTE
r-release-macos-arm64 1.1 19.00 NOTE
r-release-macos-x86_64 1.1 25.00 NOTE
r-release-windows-x86_64 1.1 6.00 61.00 67.00 NOTE
r-oldrel-macos-arm64 1.1 22.00 NOTE
r-oldrel-macos-x86_64 1.1 31.00 NOTE
r-oldrel-windows-ix86+x86_64 1.1 6.00 34.00 40.00 NOTE

Check Details

Version: 1.1
Check: DESCRIPTION meta-information
Result: NOTE
    Malformed Description field: should contain one or more complete sentences.
Flavors: r-devel-linux-x86_64-debian-clang, r-devel-linux-x86_64-debian-gcc, r-devel-linux-x86_64-fedora-clang, r-devel-linux-x86_64-fedora-gcc, r-devel-windows-x86_64, r-patched-linux-x86_64, r-release-linux-x86_64, r-release-macos-arm64, r-release-macos-x86_64, r-release-windows-x86_64, r-oldrel-macos-arm64, r-oldrel-macos-x86_64, r-oldrel-windows-ix86+x86_64

Version: 1.1
Check: dependencies in R code
Result: NOTE
    'library' or 'require' call to 'matrixcalc' which was already attached by Depends.
     Please remove these calls from your code.
    Package in Depends field not imported from: 'matrixcalc'
     These packages need to be imported from (in the NAMESPACE file)
     for when this namespace is loaded but not attached.
Flavors: r-devel-linux-x86_64-debian-clang, r-devel-linux-x86_64-debian-gcc, r-devel-linux-x86_64-fedora-clang, r-devel-linux-x86_64-fedora-gcc, r-devel-windows-x86_64, r-patched-linux-x86_64, r-release-linux-x86_64, r-release-macos-arm64, r-release-macos-x86_64, r-release-windows-x86_64, r-oldrel-macos-arm64, r-oldrel-macos-x86_64, r-oldrel-windows-ix86+x86_64

Version: 1.1
Check: R code for possible problems
Result: NOTE
    print.mixed.pom: no visible global function definition for 'pnorm'
    print.pom: no visible global function definition for 'pnorm'
    siteocc : get.mod.matrix: no visible binding for global variable
     'na.pass'
    siteocc : get.mod.matrix: no visible global function definition for
     'formula'
    siteocc : get.mod.matrix: no visible global function definition for
     'model.matrix'
    siteocc: no visible global function definition for 'nlminb'
    siteocc: no visible global function definition for
     'is.positive.definite'
    Undefined global functions or variables:
     formula is.positive.definite model.matrix na.pass nlminb pnorm
    Consider adding
     importFrom("stats", "formula", "model.matrix", "na.pass", "nlminb",
     "pnorm")
    to your NAMESPACE file.
Flavors: r-devel-linux-x86_64-debian-clang, r-devel-linux-x86_64-debian-gcc, r-devel-linux-x86_64-fedora-clang, r-devel-linux-x86_64-fedora-gcc, r-devel-windows-x86_64, r-patched-linux-x86_64, r-release-linux-x86_64, r-release-macos-arm64, r-release-macos-x86_64, r-release-windows-x86_64, r-oldrel-macos-arm64, r-oldrel-macos-x86_64, r-oldrel-windows-ix86+x86_64