CRAN Package Check Results for Package popEpi

Last updated on 2024-02-21 19:53:23 CET.

Flavor Version Tinstall Tcheck Ttotal Status Flags
r-devel-linux-x86_64-debian-clang 0.4.11 NOTE
r-devel-linux-x86_64-debian-gcc 0.4.11 17.95 227.68 245.63 NOTE
r-devel-linux-x86_64-fedora-clang 0.4.11 404.02 OK
r-devel-linux-x86_64-fedora-gcc 0.4.11 428.03 OK
r-devel-windows-x86_64 0.4.11 20.00 262.00 282.00 OK
r-patched-linux-x86_64 0.4.11 26.60 422.11 448.71 OK
r-release-linux-x86_64 0.4.11 21.95 417.39 439.34 OK
r-release-macos-arm64 0.4.11 122.00 OK
r-release-macos-x86_64 0.4.11 349.00 OK
r-release-windows-x86_64 0.4.11 25.00 307.00 332.00 OK
r-oldrel-macos-arm64 0.4.11 117.00 OK
r-oldrel-windows-x86_64 0.4.11 28.00 289.00 317.00 OK

Check Details

Version: 0.4.11
Check: Rd files
Result: NOTE checkRd: (-1) survmean.Rd:83: Lost braces in \itemize; \value handles \item{}{} directly checkRd: (-1) survmean.Rd:84: Lost braces in \itemize; \value handles \item{}{} directly checkRd: (-1) survmean.Rd:85: Lost braces in \itemize; \value handles \item{}{} directly checkRd: (-1) survmean.Rd:86-88: Lost braces in \itemize; \value handles \item{}{} directly Flavors: r-devel-linux-x86_64-debian-clang, r-devel-linux-x86_64-debian-gcc