CRAN Package Check Results for Package postGGIR

Last updated on 2023-09-26 23:04:21 CEST.

Flavor Version Tinstall Tcheck Ttotal Status Flags
r-devel-linux-x86_64-debian-clang 2.4.0.2 28.45 213.65 242.10 OK
r-devel-linux-x86_64-debian-gcc 2.4.0.2 22.85 156.87 179.72 OK
r-devel-linux-x86_64-fedora-clang 2.4.0.2 291.86 NOTE
r-devel-linux-x86_64-fedora-gcc 2.4.0.2 317.64 NOTE
r-devel-windows-x86_64 2.4.0.2 25.00 150.00 175.00 OK
r-patched-linux-x86_64 2.4.0.2 26.57 204.64 231.21 OK
r-release-linux-x86_64 2.4.0.2 21.38 202.63 224.01 OK
r-release-macos-arm64 2.4.0.2 89.00 OK
r-release-macos-x86_64 2.4.0.2 136.00 OK
r-release-windows-x86_64 2.4.0.2 32.00 180.00 212.00 OK
r-oldrel-macos-arm64 2.4.0.2 75.00 NOTE
r-oldrel-macos-x86_64 2.4.0.2 144.00 NOTE
r-oldrel-windows-x86_64 2.4.0.2 31.00 175.00 206.00 OK

Check Details

Version: 2.4.0.2
Check: dependencies in R code
Result: NOTE
    Namespaces in Imports field not imported from:
     ‘ActCR’ ‘ActFrag’ ‘tidyr’
     All declared Imports should be used.
Flavors: r-devel-linux-x86_64-fedora-clang, r-devel-linux-x86_64-fedora-gcc, r-oldrel-macos-arm64, r-oldrel-macos-x86_64