CRAN Package Check Results for Package postGGIR

Last updated on 2022-09-30 21:49:04 CEST.

Flavor Version Tinstall Tcheck Ttotal Status Flags
r-devel-linux-x86_64-debian-clang 2.4.0.2 28.00 210.30 238.30 OK
r-devel-linux-x86_64-debian-gcc 2.4.0.2 23.30 155.58 178.88 OK
r-devel-linux-x86_64-fedora-clang 2.4.0.2 314.81 NOTE
r-devel-linux-x86_64-fedora-gcc 2.4.0.2 302.29 NOTE
r-devel-windows-x86_64 2.4.0.2 110.00 204.00 314.00 OK
r-patched-linux-x86_64 2.4.0.2 25.87 197.90 223.77 OK
r-release-linux-x86_64 2.4.0.2 29.48 200.50 229.98 OK
r-release-macos-arm64 2.4.0.2 75.00 NOTE
r-release-macos-x86_64 2.4.0.2 144.00 NOTE
r-release-windows-x86_64 2.4.0.2 85.00 208.00 293.00 OK
r-oldrel-macos-arm64 2.4.0.2 73.00 NOTE
r-oldrel-macos-x86_64 2.4.0.2 111.00 NOTE
r-oldrel-windows-ix86+x86_64 2.4.0.2 60.00 200.00 260.00 OK

Check Details

Version: 2.4.0.2
Check: dependencies in R code
Result: NOTE
    Namespaces in Imports field not imported from:
     ‘ActCR’ ‘ActFrag’ ‘tidyr’
     All declared Imports should be used.
Flavors: r-devel-linux-x86_64-fedora-clang, r-devel-linux-x86_64-fedora-gcc, r-release-macos-arm64, r-release-macos-x86_64, r-oldrel-macos-arm64, r-oldrel-macos-x86_64