CRAN Package Check Results for Package powerLATE

Last updated on 2024-03-01 19:49:07 CET.

Flavor Version Tinstall Tcheck Ttotal Status Flags
r-devel-linux-x86_64-debian-clang 0.1.1 2.73 26.17 28.90 NOTE
r-devel-linux-x86_64-debian-gcc 0.1.1 2.29 20.03 22.32 NOTE
r-devel-linux-x86_64-fedora-clang 0.1.1 35.84 NOTE
r-devel-linux-x86_64-fedora-gcc 0.1.1 33.99 NOTE
r-devel-windows-x86_64 0.1.1 3.00 42.00 45.00 NOTE
r-patched-linux-x86_64 0.1.1 3.65 25.38 29.03 NOTE
r-release-linux-x86_64 0.1.1 3.01 25.34 28.35 NOTE
r-release-macos-arm64 0.1.1 17.00 NOTE
r-release-macos-x86_64 0.1.1 22.00 NOTE
r-release-windows-x86_64 0.1.1 4.00 42.00 46.00 NOTE
r-oldrel-macos-arm64 0.1.1 17.00 NOTE
r-oldrel-windows-x86_64 0.1.1 6.00 44.00 50.00 NOTE

Check Details

Version: 0.1.1
Check: Rd files
Result: NOTE checkRd: (-1) equal.ordered.Rd:27: Lost braces; missing escapes or markup? 27 | A vector of values for one in {kappa, N, power} that is not supplied by the user. | ^ checkRd: (-1) equal.ordered.cov.Rd:33: Lost braces; missing escapes or markup? 33 | A vector of values for one in {kappa, N, power} that is not supplied by the user. | ^ checkRd: (-1) equal.unordered.Rd:27: Lost braces; missing escapes or markup? 27 | A vector of values for one in {kappa, N, power} that is not supplied by the user. | ^ checkRd: (-1) equal.unordered.cov.Rd:33: Lost braces; missing escapes or markup? 33 | A vector of values for one in {kappa, N, power} that is not supplied by the user. | ^ checkRd: (-1) unequal.ordered.Rd:30: Lost braces; missing escapes or markup? 30 | A vector of values for one in {kappa, N, power} that is not supplied by the user. | ^ checkRd: (-1) unequal.ordered.cov.Rd:36: Lost braces; missing escapes or markup? 36 | A vector of values for one in {kappa, N, power} that is not supplied by the user. | ^ checkRd: (-1) unequal.unordered.Rd:30: Lost braces; missing escapes or markup? 30 | A vector of values for one in {kappa, N, power} that is not supplied by the user. | ^ checkRd: (-1) unequal.unordered.cov.Rd:36: Lost braces; missing escapes or markup? 36 | A vector of values for one in {kappa, N, power} that is not supplied by the user. | ^ Flavors: r-devel-linux-x86_64-debian-clang, r-devel-linux-x86_64-debian-gcc, r-devel-linux-x86_64-fedora-clang, r-devel-linux-x86_64-fedora-gcc

Version: 0.1.1
Check: LazyData
Result: NOTE 'LazyData' is specified without a 'data' directory Flavors: r-devel-linux-x86_64-debian-clang, r-devel-linux-x86_64-debian-gcc, r-devel-linux-x86_64-fedora-clang, r-devel-linux-x86_64-fedora-gcc, r-devel-windows-x86_64, r-patched-linux-x86_64, r-release-linux-x86_64, r-release-macos-arm64, r-release-macos-x86_64, r-release-windows-x86_64, r-oldrel-macos-arm64, r-oldrel-windows-x86_64