CRAN Package Check Results for Package pqrfe

Last updated on 2024-03-01 19:49:07 CET.

Flavor Version Tinstall Tcheck Ttotal Status Flags
r-devel-linux-x86_64-debian-clang 1.1 33.68 38.10 71.78 NOTE
r-devel-linux-x86_64-debian-gcc 1.1 29.01 28.92 57.93 NOTE
r-devel-linux-x86_64-fedora-clang 1.1 100.53 NOTE
r-devel-linux-x86_64-fedora-gcc 1.1 97.49 NOTE
r-devel-windows-x86_64 1.1 28.00 73.00 101.00 NOTE
r-patched-linux-x86_64 1.1 34.40 37.08 71.48 NOTE
r-release-linux-x86_64 1.1 38.73 36.63 75.36 NOTE
r-release-macos-arm64 1.1 28.00 NOTE
r-release-macos-x86_64 1.1 45.00 NOTE
r-release-windows-x86_64 1.1 25.00 78.00 103.00 NOTE
r-oldrel-macos-arm64 1.1 28.00 OK
r-oldrel-windows-x86_64 1.1 35.00 76.00 111.00 OK

Check Details

Version: 1.1
Check: C++ specification
Result: NOTE Specified C++11: please drop specification unless essential Flavors: r-devel-linux-x86_64-debian-clang, r-devel-linux-x86_64-debian-gcc, r-devel-linux-x86_64-fedora-clang, r-devel-linux-x86_64-fedora-gcc, r-devel-windows-x86_64, r-patched-linux-x86_64, r-release-linux-x86_64, r-release-macos-arm64, r-release-macos-x86_64, r-release-windows-x86_64