Last updated on 2023-09-28 21:56:31 CEST.
Flavor | Version | Tinstall | Tcheck | Ttotal | Status | Flags |
---|---|---|---|---|---|---|
r-devel-linux-x86_64-debian-clang | 0.8-35 | 16.46 | 113.60 | 130.06 | OK | |
r-devel-linux-x86_64-debian-gcc | 0.8-35 | 12.42 | 86.05 | 98.47 | WARN | |
r-devel-linux-x86_64-fedora-clang | 0.8-35 | 163.70 | WARN | |||
r-devel-linux-x86_64-fedora-gcc | 0.8-35 | 163.19 | WARN | |||
r-devel-windows-x86_64 | 0.8-35 | 14.00 | 106.00 | 120.00 | WARN | |
r-patched-linux-x86_64 | 0.8-35 | 15.21 | 108.70 | 123.91 | OK | |
r-release-linux-x86_64 | 0.8-35 | 17.08 | 111.99 | 129.07 | OK | |
r-release-macos-arm64 | 0.8-35 | 47.00 | OK | |||
r-release-macos-x86_64 | 0.8-35 | 80.00 | OK | |||
r-release-windows-x86_64 | 0.8-35 | 19.00 | 127.00 | 146.00 | OK | |
r-oldrel-macos-arm64 | 0.8-35 | 39.00 | OK | |||
r-oldrel-macos-x86_64 | 0.8-35 | 61.00 | OK | |||
r-oldrel-windows-x86_64 | 0.8-35 | 18.00 | 126.00 | 144.00 | OK |
Version: 0.8-35
Check: usage of KIND in Fortran files
Result: WARN
Found the following file with non-portable usage of KIND:
prefmod.f95
For details set environment variable _R_CHECK_FORTRAN_KIND_DETAILS_ to
a true value.
Flavors: r-devel-linux-x86_64-debian-gcc, r-devel-linux-x86_64-fedora-clang, r-devel-linux-x86_64-fedora-gcc, r-devel-windows-x86_64