CRAN Package Check Results for Package prereg

Last updated on 2021-11-29 19:51:39 CET.

Flavor Version Tinstall Tcheck Ttotal Status Flags
r-devel-linux-x86_64-debian-clang 0.5.0 2.16 20.92 23.08 NOTE
r-devel-linux-x86_64-debian-gcc 0.5.0 1.76 17.10 18.86 NOTE
r-devel-linux-x86_64-fedora-clang 0.5.0 39.48 NOTE
r-devel-linux-x86_64-fedora-gcc 0.5.0 29.15 NOTE
r-devel-windows-x86_64-new-UL 0.5.0 6.00 57.00 63.00 NOTE
r-devel-windows-x86_64-new-TK 0.5.0 NOTE
r-devel-windows-x86_64-old 0.5.0 5.00 32.00 37.00 NOTE
r-patched-linux-x86_64 0.5.0 2.08 20.66 22.74 NOTE
r-patched-solaris-x86 0.5.0 45.20 NOTE
r-release-linux-x86_64 0.5.0 2.15 20.77 22.92 NOTE
r-release-macos-arm64 0.5.0 NOTE
r-release-macos-x86_64 0.5.0 NOTE
r-release-windows-ix86+x86_64 0.5.0 5.00 29.00 34.00 NOTE
r-oldrel-macos-x86_64 0.5.0 OK
r-oldrel-windows-ix86+x86_64 0.5.0 4.00 38.00 42.00 OK

Check Details

Version: 0.5.0
Check: LazyData
Result: NOTE
     'LazyData' is specified without a 'data' directory
Flavors: r-devel-linux-x86_64-debian-clang, r-devel-linux-x86_64-debian-gcc, r-devel-linux-x86_64-fedora-clang, r-devel-linux-x86_64-fedora-gcc, r-devel-windows-x86_64-new-UL, r-devel-windows-x86_64-new-TK, r-devel-windows-x86_64-old, r-patched-linux-x86_64, r-patched-solaris-x86, r-release-linux-x86_64, r-release-macos-arm64, r-release-macos-x86_64, r-release-windows-ix86+x86_64