CRAN Package Check Results for Package preregr

Last updated on 2022-01-23 19:48:38 CET.

Flavor Version Tinstall Tcheck Ttotal Status Flags
r-devel-linux-x86_64-debian-clang 0.2.0 5.92 81.04 86.96 OK
r-devel-linux-x86_64-debian-gcc 0.2.0 3.63 66.57 70.20 OK
r-devel-linux-x86_64-fedora-clang 0.2.0 104.13 NOTE
r-devel-linux-x86_64-fedora-gcc 0.2.0 90.12 NOTE
r-devel-windows-x86_64-new-UL 0.2.0 99.00 166.00 265.00 OK
r-devel-windows-x86_64-new-TK 0.2.0 NOTE
r-patched-linux-x86_64 0.2.0 6.08 84.11 90.19 OK
r-release-linux-x86_64 0.2.0 4.53 80.27 84.80 WARN
r-release-macos-arm64 0.2.0 NOTE
r-release-macos-x86_64 0.2.0 NOTE
r-release-windows-ix86+x86_64 0.2.0 9.00 119.00 128.00 OK
r-oldrel-macos-x86_64 0.1.9 ERROR
r-oldrel-windows-ix86+x86_64 0.2.0 9.00 99.00 108.00 ERROR

Check Details

Version: 0.2.0
Check: data for non-ASCII characters
Result: NOTE
     Note: found 64 marked UTF-8 strings
Flavors: r-devel-linux-x86_64-fedora-clang, r-devel-linux-x86_64-fedora-gcc, r-devel-windows-x86_64-new-TK, r-release-macos-arm64, r-release-macos-x86_64

Version: 0.2.0
Check: re-building of vignette outputs
Result: WARN
    Error(s) in re-building vignettes:
     ...
    --- re-building ‘creating_form_from_spreadsheet.Rmd’ using rmarkdown
    --- finished re-building ‘creating_form_from_spreadsheet.Rmd’
    
    --- re-building ‘creating_prereg_form.Rmd’ using rmarkdown
    --- finished re-building ‘creating_prereg_form.Rmd’
    
    --- re-building ‘form_OSFprereg_v1.Rmd’ using rmarkdown
    --- finished re-building ‘form_OSFprereg_v1.Rmd’
    
    --- re-building ‘form_generalPurpose_v1.Rmd’ using rmarkdown
    --- finished re-building ‘form_generalPurpose_v1.Rmd’
    
    --- re-building ‘form_generalPurpose_v1_1.Rmd’ using rmarkdown
    --- finished re-building ‘form_generalPurpose_v1_1.Rmd’
    
    --- re-building ‘form_inclSysRev_v0_92.Rmd’ using rmarkdown
    --- finished re-building ‘form_inclSysRev_v0_92.Rmd’
    
    --- re-building ‘form_prereg2D_v1.Rmd’ using rmarkdown
    --- finished re-building ‘form_prereg2D_v1.Rmd’
    
    --- re-building ‘form_preregQE_v0_93.Rmd’ using rmarkdown
    --- finished re-building ‘form_preregQE_v0_93.Rmd’
    
    --- re-building ‘form_preregQE_v0_94.Rmd’ using rmarkdown
    --- finished re-building ‘form_preregQE_v0_94.Rmd’
    
    --- re-building ‘form_prpQuant_v1.Rmd’ using rmarkdown
    --- finished re-building ‘form_prpQuant_v1.Rmd’
    
    --- re-building ‘importing_form_from_url.Rmd’ using rmarkdown
    Quitting from lines 20-24 (importing_form_from_url.Rmd)
    Error: processing vignette 'importing_form_from_url.Rmd' failed with diagnostics:
    Timeout was reached: [r-packages.gitlab.io] Connection timeout after 10000 ms
    --- failed re-building ‘importing_form_from_url.Rmd’
    
    --- re-building ‘importing_pregistration_from_url.Rmd’ using rmarkdown
    Quitting from lines 22-24 (importing_pregistration_from_url.Rmd)
    Error: processing vignette 'importing_pregistration_from_url.Rmd' failed with diagnostics:
    Timeout was reached: [r-packages.gitlab.io] SSL connection timeout
    --- failed re-building ‘importing_pregistration_from_url.Rmd’
    
    --- re-building ‘rmd_template_from_form.Rmd’ using rmarkdown
    --- finished re-building ‘rmd_template_from_form.Rmd’
    
    --- re-building ‘specifying_prereg_content.Rmd’ using rmarkdown
    --- finished re-building ‘specifying_prereg_content.Rmd’
    
    SUMMARY: processing the following files failed:
     ‘importing_form_from_url.Rmd’ ‘importing_pregistration_from_url.Rmd’
    
    Error: Vignette re-building failed.
    Execution halted
Flavor: r-release-linux-x86_64

Version: 0.1.9
Check: dependencies in R code
Result: NOTE
    Missing or unexported object: ‘justifier::flatten’
Flavor: r-oldrel-macos-x86_64

Version: 0.1.9
Check: for unstated dependencies in examples
Result: WARN
    Warning: parse error in file 'lines':
    6: unexpected '>'
    193: version = "0.1.0"
    194: ) |>
     ^
Flavor: r-oldrel-macos-x86_64

Version: 0.1.9
Check: data for non-ASCII characters
Result: NOTE
     Note: found 36 marked UTF-8 strings
Flavor: r-oldrel-macos-x86_64

Version: 0.1.9
Check: examples
Result: ERROR
    Running examples in ‘preregr-Ex.R’ failed
    The error most likely occurred in:
    
    > ### Name: form_add_instruction
    > ### Title: Add an instruction, section, or item to a (pre)registration form
    > ### Aliases: form_add_instruction form_add_section form_add_item
    >
    > ### ** Examples
    >
    > ### Create an empty example form
    > exampleForm <-
    + preregr::form_create(
    + title = "Example form",
    + version = "0.1.0"
    + ) |>
    Error: unexpected '>' in:
    " version = "0.1.0"
     ) |>"
    Execution halted
Flavor: r-oldrel-macos-x86_64

Version: 0.1.9
Check: tests
Result: ERROR
     Running ‘testthat.R’ [1s/1s]
    Running the tests in ‘tests/testthat.R’ failed.
    Last 13 lines of output:
     Loading required package: preregr
    
     Attaching package: 'preregr'
    
     The following object is masked from 'package:base':
    
     source
    
     Error in parse(con, n = -1, srcfile = srcfile, encoding = "UTF-8") :
     test-preregr.R:117:8: unexpected '>'
     116: 'inclSysRev_v0_92'
     117: ) |>
     ^
     Calls: <Anonymous> ... doTryCatch -> lapply -> FUN -> source_file -> parse
     Execution halted
Flavor: r-oldrel-macos-x86_64

Version: 0.1.9
Check: for unstated dependencies in vignettes
Result: NOTE
    Warning: parse error in file '/Volumes/Builds/packages/high-sierra-x86_64/results/4.0/preregr.Rcheck/preregr/doc/creating_prereg_form.R':
    15:6: unexpected '>'
    14: author = "Stibbons, P."
    15: ) |>
     ^
    Warning: parse error in file '/Volumes/Builds/packages/high-sierra-x86_64/results/4.0/preregr.Rcheck/preregr/doc/specifying_prereg_content.R':
    27:18: unexpected '>'
    26: preregExample <-
    27: preregExample |>
     ^
Flavor: r-oldrel-macos-x86_64

Version: 0.1.9
Check: re-building of vignette outputs
Result: WARN
    Error(s) in re-building vignettes:
    --- re-building ‘creating_form_from_spreadsheet.Rmd’ using rmarkdown
    --- finished re-building ‘creating_form_from_spreadsheet.Rmd’
    
    --- re-building ‘creating_prereg_form.Rmd’ using rmarkdown
    Quitting from lines 22-29 (creating_prereg_form.Rmd)
    Error: processing vignette 'creating_prereg_form.Rmd' failed with diagnostics:
    <text>:6:6: unexpected '>'
    5: author = "Stibbons, P."
    6: ) |>
     ^
    --- failed re-building ‘creating_prereg_form.Rmd’
    
    --- re-building ‘form_OSFprereg_v1.Rmd’ using rmarkdown
    --- finished re-building ‘form_OSFprereg_v1.Rmd’
    
    --- re-building ‘form_generalPurpose_v1.Rmd’ using rmarkdown
    --- finished re-building ‘form_generalPurpose_v1.Rmd’
    
    --- re-building ‘form_inclSysRev_v0_92.Rmd’ using rmarkdown
    --- finished re-building ‘form_inclSysRev_v0_92.Rmd’
    
    --- re-building ‘form_preregQE_v0_93.Rmd’ using rmarkdown
    --- finished re-building ‘form_preregQE_v0_93.Rmd’
    
    --- re-building ‘form_prpQuant_v1.Rmd’ using rmarkdown
    --- finished re-building ‘form_prpQuant_v1.Rmd’
    
    --- re-building ‘importing_form_from_url.Rmd’ using rmarkdown
    --- finished re-building ‘importing_form_from_url.Rmd’
    
    --- re-building ‘importing_pregistration_from_url.Rmd’ using rmarkdown
    --- finished re-building ‘importing_pregistration_from_url.Rmd’
    
    --- re-building ‘rmd_template_from_form.Rmd’ using rmarkdown
    --- finished re-building ‘rmd_template_from_form.Rmd’
    
    --- re-building ‘specifying_prereg_content.Rmd’ using rmarkdown
    Quitting from lines 57-65 (specifying_prereg_content.Rmd)
    Error: processing vignette 'specifying_prereg_content.Rmd' failed with diagnostics:
    <text>:3:18: unexpected '>'
    2: preregExample <-
    3: preregExample |>
     ^
    --- failed re-building ‘specifying_prereg_content.Rmd’
    
    SUMMARY: processing the following files failed:
     ‘creating_prereg_form.Rmd’ ‘specifying_prereg_content.Rmd’
    
    Error: Vignette re-building failed.
    Execution halted
Flavor: r-oldrel-macos-x86_64

Version: 0.2.0
Check: for unstated dependencies in examples
Result: WARN
    Warning: parse error in file 'lines':
    6: unexpected '>'
    194: version = "0.1.0"
    195: ) |>
     ^
Flavor: r-oldrel-windows-ix86+x86_64

Version: 0.2.0
Check: examples
Result: ERROR
    Running examples in 'preregr-Ex.R' failed
    The error most likely occurred in:
    
    > ### Name: form_add_instruction
    > ### Title: Add an instruction, section, or item to a (pre)registration form
    > ### Aliases: form_add_instruction form_add_section form_add_item
    >
    > ### ** Examples
    >
    > ### Create an empty example form
    > exampleForm <-
    + preregr::form_create(
    + title = "Example form",
    + version = "0.1.0"
    + ) |>
    Error: unexpected '>' in:
    " version = "0.1.0"
     ) |>"
    Execution halted
Flavor: r-oldrel-windows-ix86+x86_64

Version: 0.2.0
Check: for unstated dependencies in ‘tests’
Result: WARN
    Warning: parse error in file 'testthat/test-preregr.R':
    117:8: unexpected '>'
    116: 'inclSysRev_v0_92'
    117: ) |>
     ^
Flavor: r-oldrel-windows-ix86+x86_64

Version: 0.2.0
Check: tests
Result: ERROR
     Running 'testthat.R' [1s]
    Running the tests in 'tests/testthat.R' failed.
    Complete output:
     >
     > testthat::test_check("preregr");
     Loading required package: preregr
    
     Attaching package: 'preregr'
    
     The following object is masked from 'package:base':
    
     source
    
     Error in parse(con, n = -1, srcfile = srcfile, encoding = "UTF-8") :
     test-preregr.R:117:8: unexpected '>'
     116: 'inclSysRev_v0_92'
     117: ) |>
     ^
     Calls: <Anonymous> ... doTryCatch -> lapply -> FUN -> source_file -> parse
     Execution halted
Flavor: r-oldrel-windows-ix86+x86_64

Version: 0.2.0
Check: for unstated dependencies in vignettes
Result: NOTE
    Warning: parse error in file 'd:/RCompile/CRANpkg/lib/4.0/preregr/doc/creating_prereg_form.R':
    /RCompile/CRANpkg/lib/4.0/preregr/doc/creating_prereg_form.R:15:6: unexpected '>'
    14: author = "Stibbons, P."
    15: ) |>
     ^
    Warning: parse error in file 'd:/RCompile/CRANpkg/lib/4.0/preregr/doc/specifying_prereg_content.R':
    /RCompile/CRANpkg/lib/4.0/preregr/doc/specifying_prereg_content.R:27:18: unexpected '>'
    26: preregExample <-
    27: preregExample |>
     ^
Flavor: r-oldrel-windows-ix86+x86_64

Version: 0.2.0
Check: re-building of vignette outputs
Result: WARN
    Error(s) in re-building vignettes:
    --- re-building 'creating_form_from_spreadsheet.Rmd' using rmarkdown
    --- finished re-building 'creating_form_from_spreadsheet.Rmd'
    
    --- re-building 'creating_prereg_form.Rmd' using rmarkdown
    Quitting from lines 22-29 (creating_prereg_form.Rmd)
    Error: processing vignette 'creating_prereg_form.Rmd' failed with diagnostics:
    <text>:6:6: unexpected '>'
    5: author = "Stibbons, P."
    6: ) |>
     ^
    --- failed re-building 'creating_prereg_form.Rmd'
    
    --- re-building 'form_OSFprereg_v1.Rmd' using rmarkdown
    --- finished re-building 'form_OSFprereg_v1.Rmd'
    
    --- re-building 'form_generalPurpose_v1.Rmd' using rmarkdown
    --- finished re-building 'form_generalPurpose_v1.Rmd'
    
    --- re-building 'form_generalPurpose_v1_1.Rmd' using rmarkdown
    --- finished re-building 'form_generalPurpose_v1_1.Rmd'
    
    --- re-building 'form_inclSysRev_v0_92.Rmd' using rmarkdown
    --- finished re-building 'form_inclSysRev_v0_92.Rmd'
    
    --- re-building 'form_prereg2D_v1.Rmd' using rmarkdown
    --- finished re-building 'form_prereg2D_v1.Rmd'
    
    --- re-building 'form_preregQE_v0_93.Rmd' using rmarkdown
    --- finished re-building 'form_preregQE_v0_93.Rmd'
    
    --- re-building 'form_preregQE_v0_94.Rmd' using rmarkdown
    --- finished re-building 'form_preregQE_v0_94.Rmd'
    
    --- re-building 'form_prpQuant_v1.Rmd' using rmarkdown
    --- finished re-building 'form_prpQuant_v1.Rmd'
    
    --- re-building 'importing_form_from_url.Rmd' using rmarkdown
    --- finished re-building 'importing_form_from_url.Rmd'
    
    --- re-building 'importing_pregistration_from_url.Rmd' using rmarkdown
    --- finished re-building 'importing_pregistration_from_url.Rmd'
    
    --- re-building 'rmd_template_from_form.Rmd' using rmarkdown
    --- finished re-building 'rmd_template_from_form.Rmd'
    
    --- re-building 'specifying_prereg_content.Rmd' using rmarkdown
    Quitting from lines 57-65 (specifying_prereg_content.Rmd)
    Error: processing vignette 'specifying_prereg_content.Rmd' failed with diagnostics:
    <text>:3:18: unexpected '>'
    2: preregExample <-
    3: preregExample |>
     ^
    --- failed re-building 'specifying_prereg_content.Rmd'
    
    SUMMARY: processing the following files failed:
     'creating_prereg_form.Rmd' 'specifying_prereg_content.Rmd'
    
    Error: Vignette re-building failed.
    Execution halted
Flavor: r-oldrel-windows-ix86+x86_64