CRAN Package Check Results for Package presentes

Last updated on 2024-02-27 19:54:47 CET.

Flavor Version Tinstall Tcheck Ttotal Status Flags
r-devel-linux-x86_64-debian-clang 0.1.0 2.96 26.84 29.80 OK
r-devel-linux-x86_64-debian-gcc 0.1.0 3.00 20.63 23.63 OK
r-devel-linux-x86_64-fedora-clang 0.1.0 37.99 NOTE
r-devel-linux-x86_64-fedora-gcc 0.1.0 36.94 NOTE
r-devel-windows-x86_64 0.1.0 5.00 43.00 48.00 OK
r-patched-linux-x86_64 0.1.0 3.91 26.52 30.43 OK
r-release-linux-x86_64 0.1.0 3.16 26.18 29.34 OK
r-release-macos-arm64 0.1.0 18.00 OK
r-release-macos-x86_64 0.1.0 26.00 OK
r-release-windows-x86_64 0.1.0 7.00 44.00 51.00 OK
r-oldrel-macos-arm64 0.1.0 19.00 OK
r-oldrel-windows-x86_64 0.1.0 8.00 49.00 57.00 OK

Check Details

Version: 0.1.0
Check: data for non-ASCII characters
Result: NOTE Note: found 42966 marked UTF-8 strings Flavors: r-devel-linux-x86_64-fedora-clang, r-devel-linux-x86_64-fedora-gcc