CRAN Package Check Results for Package presser

Last updated on 2021-06-20 21:49:17 CEST.

Flavor Version Tinstall Tcheck Ttotal Status Flags
r-devel-linux-x86_64-debian-clang 1.1.0 10.92 50.32 61.24 NOTE
r-devel-linux-x86_64-debian-gcc 1.1.0 7.33 39.47 46.80 NOTE
r-devel-linux-x86_64-fedora-clang 1.1.0 83.89 NOTE
r-devel-linux-x86_64-fedora-gcc 1.1.0 71.46 NOTE
r-devel-windows-x86_64 1.1.0 20.00 76.00 96.00 NOTE
r-devel-windows-x86_64-gcc10-UCRT 1.1.0 ERROR
r-patched-linux-x86_64 1.1.0 7.95 49.22 57.17 NOTE
r-patched-solaris-x86 1.1.0 107.00 NOTE
r-release-linux-x86_64 1.1.0 8.58 49.41 57.99 NOTE
r-release-macos-arm64 1.1.0 NOTE
r-release-macos-x86_64 1.1.0 NOTE
r-release-windows-ix86+x86_64 1.1.0 30.00 103.00 133.00 NOTE
r-oldrel-macos-x86_64 1.1.0 OK

Check Details

Version: 1.1.0
Check: LazyData
Result: NOTE
     'LazyData' is specified without a 'data' directory
Flavors: r-devel-linux-x86_64-debian-clang, r-devel-linux-x86_64-debian-gcc, r-devel-linux-x86_64-fedora-clang, r-devel-linux-x86_64-fedora-gcc, r-devel-windows-x86_64, r-devel-windows-x86_64-gcc10-UCRT, r-patched-linux-x86_64, r-patched-solaris-x86, r-release-linux-x86_64, r-release-macos-arm64, r-release-macos-x86_64, r-release-windows-ix86+x86_64

Version: 1.1.0
Check: package dependencies
Result: NOTE
    Package suggested but not available for checking: 'curl'
Flavor: r-devel-windows-x86_64-gcc10-UCRT

Version: 1.1.0
Check: examples
Result: ERROR
    Running examples in 'presser-Ex.R' failed
    The error most likely occurred in:
    
    > ### Name: httpbin_app
    > ### Title: Generic web app for testing HTTP clients
    > ### Aliases: httpbin_app
    >
    > ### ** Examples
    >
    > app <- httpbin_app()
    > proc <- new_app_process(app)
    > url <- proc$url("/get")
    > resp <- curl::curl_fetch_memory(url)
    Error in loadNamespace(x) : there is no package called 'curl'
    Calls: loadNamespace -> withRestarts -> withOneRestart -> doWithOneRestart
    Execution halted
Flavor: r-devel-windows-x86_64-gcc10-UCRT

Version: 1.1.0
Check: tests
Result: ERROR
     Running 'testthat.R'
    Running the tests in 'tests/testthat.R' failed.
    Last 13 lines of output:
     2. \-base::withRestarts(stop(cond), retry_loadNamespace = function() NULL)
     3. \-base:::withOneRestart(expr, restarts[[1L]])
     4. \-base:::doWithOneRestart(return(expr), restart)
     -- Error (test-tmpl-glue.R:20:3): glue templating ------------------------------
     Error: there is no package called 'curl'
     Backtrace:
     x
     1. \-base::loadNamespace(x) test-tmpl-glue.R:20:2
     2. \-base::withRestarts(stop(cond), retry_loadNamespace = function() NULL)
     3. \-base:::withOneRestart(expr, restarts[[1L]])
     4. \-base:::doWithOneRestart(return(expr), restart)
    
     [ FAIL 57 | WARN 0 | SKIP 0 | PASS 78 ]
     Error: Test failures
     Execution halted
Flavor: r-devel-windows-x86_64-gcc10-UCRT