Last updated on 2025-01-24 19:48:37 CET.
Flavor | Version | Tinstall | Tcheck | Ttotal | Status | Flags |
---|---|---|---|---|---|---|
r-devel-linux-x86_64-debian-clang | 0.1.3 | 39.41 | 348.21 | 387.62 | NOTE | |
r-devel-linux-x86_64-debian-gcc | 0.1.3 | 28.26 | 226.42 | 254.68 | NOTE | |
r-devel-linux-x86_64-fedora-clang | 0.1.3 | 655.46 | OK | |||
r-devel-linux-x86_64-fedora-gcc | 0.1.4 | 615.03 | OK | |||
r-devel-windows-x86_64 | 0.1.3 | 35.00 | 276.00 | 311.00 | OK | |
r-patched-linux-x86_64 | 0.1.3 | 37.64 | 327.72 | 365.36 | OK | |
r-release-linux-x86_64 | 0.1.3 | 35.21 | 324.82 | 360.03 | OK | |
r-release-macos-arm64 | 0.1.3 | 125.00 | OK | |||
r-release-macos-x86_64 | 0.1.4 | 327.00 | OK | |||
r-release-windows-x86_64 | 0.1.3 | 33.00 | 281.00 | 314.00 | OK | |
r-oldrel-macos-arm64 | 0.1.3 | 140.00 | OK | |||
r-oldrel-macos-x86_64 | 0.1.3 | 478.00 | OK | |||
r-oldrel-windows-x86_64 | 0.1.3 | 50.00 | 377.00 | 427.00 | OK |
Version: 0.1.3
Check: DESCRIPTION meta-information
Result: NOTE
Missing dependency on R >= 4.1.0 because package code uses the pipe
|> or function shorthand \(...) syntax added in R 4.1.0.
File(s) using such syntax:
‘functions_connect.R’
Flavors: r-devel-linux-x86_64-debian-clang, r-devel-linux-x86_64-debian-gcc