Last updated on 2022-06-25 21:53:08 CEST.
Flavor | Version | Tinstall | Tcheck | Ttotal | Status | Flags |
---|---|---|---|---|---|---|
r-devel-linux-x86_64-debian-clang | 0.4 | 261.22 | 101.93 | 363.15 | NOTE | |
r-devel-linux-x86_64-debian-gcc | 0.4 | 219.18 | 77.74 | 296.92 | NOTE | |
r-devel-linux-x86_64-fedora-clang | 0.4 | 547.77 | NOTE | |||
r-devel-linux-x86_64-fedora-gcc | 0.4 | 498.40 | NOTE | |||
r-devel-windows-x86_64 | 0.4 | 338.00 | 166.00 | 504.00 | NOTE | |
r-patched-linux-x86_64 | 0.4 | 191.91 | 98.64 | 290.55 | NOTE | |
r-release-linux-x86_64 | 0.4 | 220.62 | 98.35 | 318.97 | NOTE | |
r-release-macos-arm64 | 0.4 | 114.00 | NOTE | |||
r-release-macos-x86_64 | 0.4 | 194.00 | NOTE | |||
r-release-windows-x86_64 | 0.4 | 337.00 | 162.00 | 499.00 | NOTE | |
r-oldrel-macos-arm64 | 0.4 | 89.00 | NOTE | |||
r-oldrel-macos-x86_64 | 0.4 | 148.00 | NOTE | |||
r-oldrel-windows-ix86+x86_64 | 0.4 | 719.00 | 182.00 | 901.00 | NOTE |
Version: 0.4
Check: package dependencies
Result: NOTE
Package suggested but not available for checking: 'gurobi'
Flavors: r-devel-linux-x86_64-debian-clang, r-devel-linux-x86_64-debian-gcc, r-devel-linux-x86_64-fedora-clang, r-devel-linux-x86_64-fedora-gcc, r-devel-windows-x86_64, r-patched-linux-x86_64, r-release-linux-x86_64, r-release-macos-arm64, r-release-macos-x86_64, r-release-windows-x86_64, r-oldrel-macos-arm64, r-oldrel-macos-x86_64, r-oldrel-windows-ix86+x86_64
Version: 0.4
Check: installed package size
Result: NOTE
installed size is 9.4Mb
sub-directories of 1Mb or more:
doc 3.4Mb
libs 4.9Mb
Flavors: r-devel-linux-x86_64-fedora-clang, r-devel-windows-x86_64, r-release-macos-arm64, r-release-macos-x86_64, r-release-windows-x86_64, r-oldrel-macos-arm64, r-oldrel-macos-x86_64, r-oldrel-windows-ix86+x86_64