CRAN Package Check Results for Package prisonbrief

Last updated on 2022-01-20 19:51:04 CET.

Flavor Version Tinstall Tcheck Ttotal Status Flags
r-devel-linux-x86_64-debian-clang 0.1.2 OK
r-devel-linux-x86_64-debian-gcc 0.1.2 6.66 54.55 61.21 OK
r-devel-linux-x86_64-fedora-clang 0.1.2 97.34 NOTE
r-devel-linux-x86_64-fedora-gcc 0.1.2 85.17 NOTE
r-devel-windows-x86_64-new-UL 0.1.2 51.00 88.00 139.00 OK
r-devel-windows-x86_64-new-TK 0.1.2 NOTE
r-patched-linux-x86_64 0.1.2 8.18 67.51 75.69 OK
r-release-linux-x86_64 0.1.2 6.91 68.43 75.34 OK
r-release-macos-arm64 0.1.2 NOTE
r-release-macos-x86_64 0.1.2 NOTE
r-release-windows-ix86+x86_64 0.1.2 18.00 78.00 96.00 OK
r-oldrel-macos-x86_64 0.1.2 NOTE
r-oldrel-windows-ix86+x86_64 0.1.2 18.00 86.00 104.00 OK

Check Details

Version: 0.1.2
Check: data for non-ASCII characters
Result: NOTE
     Note: found 2 marked UTF-8 strings
Flavors: r-devel-linux-x86_64-fedora-clang, r-devel-linux-x86_64-fedora-gcc, r-devel-windows-x86_64-new-TK, r-release-macos-arm64, r-release-macos-x86_64, r-oldrel-macos-x86_64