CRAN Package Check Results for Package processcheckR

Last updated on 2021-12-07 19:49:53 CET.

Flavor Version Tinstall Tcheck Ttotal Status Flags
r-devel-linux-x86_64-debian-clang 0.1.3 8.24 94.73 102.97 NOTE
r-devel-linux-x86_64-debian-gcc 0.1.3 6.90 72.11 79.01 NOTE
r-devel-linux-x86_64-fedora-clang 0.1.3 119.55 NOTE
r-devel-linux-x86_64-fedora-gcc 0.1.3 107.06 NOTE
r-devel-windows-x86_64-new-UL 0.1.3 17.00 127.00 144.00 NOTE
r-devel-windows-x86_64-new-TK 0.1.3 NOTE
r-devel-windows-x86_64-old 0.1.3 29.00 80.00 109.00 NOTE
r-patched-linux-x86_64 0.1.3 8.73 84.06 92.79 NOTE
r-release-linux-x86_64 0.1.3 8.62 83.61 92.23 NOTE
r-release-macos-arm64 0.1.3 NOTE
r-release-macos-x86_64 0.1.3 NOTE
r-release-windows-ix86+x86_64 0.1.3 15.00 93.00 108.00 NOTE
r-oldrel-macos-x86_64 0.1.3 OK
r-oldrel-windows-ix86+x86_64 0.1.3 21.00 108.00 129.00 OK

Check Details

Version: 0.1.3
Check: LazyData
Result: NOTE
     'LazyData' is specified without a 'data' directory
Flavors: r-devel-linux-x86_64-debian-clang, r-devel-linux-x86_64-debian-gcc, r-devel-linux-x86_64-fedora-clang, r-devel-linux-x86_64-fedora-gcc, r-devel-windows-x86_64-new-UL, r-devel-windows-x86_64-new-TK, r-devel-windows-x86_64-old, r-patched-linux-x86_64, r-release-linux-x86_64, r-release-macos-arm64, r-release-macos-x86_64, r-release-windows-ix86+x86_64