CRAN Package Check Results for Package proj4

Last updated on 2022-05-24 21:51:49 CEST.

Flavor Version Tinstall Tcheck Ttotal Status Flags
r-devel-linux-x86_64-debian-clang 1.0-11 5.34 31.78 37.12 OK
r-devel-linux-x86_64-debian-gcc 1.0-11 3.83 24.55 28.38 OK
r-devel-linux-x86_64-fedora-clang 1.0-11 46.69 OK
r-devel-linux-x86_64-fedora-gcc 1.0-11 35.56 OK
r-devel-windows-x86_64 1.0-11 19.00 129.00 148.00 NOTE
r-patched-linux-x86_64 1.0-11 4.38 30.57 34.95 OK
r-release-linux-x86_64 1.0-11 OK
r-release-macos-arm64 1.0-11 28.00 NOTE
r-release-macos-x86_64 1.0-11 36.00 NOTE
r-release-windows-x86_64 1.0-11 13.00 133.00 146.00 NOTE
r-oldrel-macos-arm64 1.0-11 26.00 NOTE
r-oldrel-macos-x86_64 1.0-11 34.00 NOTE
r-oldrel-windows-ix86+x86_64 1.0-11 8.00 42.00 50.00 OK

Check Details

Version: 1.0-11
Check: installed package size
Result: NOTE
     installed size is 12.1Mb
     sub-directories of 1Mb or more:
     libs 12.1Mb
Flavors: r-devel-windows-x86_64, r-release-macos-arm64, r-release-macos-x86_64, r-release-windows-x86_64, r-oldrel-macos-arm64, r-oldrel-macos-x86_64