Last updated on 2023-05-28 22:00:19 CEST.
Flavor | Version | Tinstall | Tcheck | Ttotal | Status | Flags |
---|---|---|---|---|---|---|
r-devel-linux-x86_64-debian-clang | 2.5.0 | 57.23 | 451.99 | 509.22 | NOTE | |
r-devel-linux-x86_64-debian-gcc | 2.5.0 | 47.73 | 345.89 | 393.62 | NOTE | |
r-devel-linux-x86_64-fedora-clang | 2.5.0 | 673.00 | WARN | |||
r-devel-linux-x86_64-fedora-gcc | 2.5.0 | 624.66 | WARN | |||
r-devel-windows-x86_64 | 2.5.0 | 45.00 | 323.00 | 368.00 | NOTE | |
r-patched-linux-x86_64 | 2.5.0 | 50.37 | 433.50 | 483.87 | NOTE | |
r-release-linux-x86_64 | 2.5.0 | 49.50 | 428.83 | 478.33 | NOTE | |
r-release-macos-arm64 | 2.5.0 | 156.00 | NOTE | |||
r-release-macos-x86_64 | 2.5.0 | 355.00 | NOTE | |||
r-release-windows-x86_64 | 2.5.0 | 57.00 | 438.00 | 495.00 | NOTE | |
r-oldrel-macos-arm64 | 2.5.0 | 152.00 | NOTE | |||
r-oldrel-macos-x86_64 | 2.5.0 | 198.00 | NOTE | |||
r-oldrel-windows-x86_64 | 2.5.0 | 57.00 | 433.00 | 490.00 | NOTE |
Version: 2.5.0
Check: package dependencies
Result: NOTE
Package suggested but not available for checking: ‘cmdstanr’
Flavors: r-devel-linux-x86_64-debian-clang, r-devel-linux-x86_64-debian-gcc, r-devel-windows-x86_64, r-patched-linux-x86_64, r-release-linux-x86_64, r-release-macos-arm64, r-release-macos-x86_64, r-release-windows-x86_64, r-oldrel-macos-arm64, r-oldrel-macos-x86_64, r-oldrel-windows-x86_64
Version: 2.5.0
Check: package dependencies
Result: WARN
Package suggested but not available for checking: ‘cmdstanr’
Requires orphaned package: ‘ucminf’
Flavors: r-devel-linux-x86_64-fedora-clang, r-devel-linux-x86_64-fedora-gcc