CRAN Package Check Results for Package pscore

Last updated on 2022-01-28 19:51:06 CET.

Flavor Version Tinstall Tcheck Ttotal Status Flags
r-devel-linux-x86_64-debian-clang 0.1-2 6.43 82.28 88.71 NOTE
r-devel-linux-x86_64-debian-gcc 0.1-2 4.89 60.09 64.98 NOTE
r-devel-linux-x86_64-fedora-clang 0.1-2 105.41 NOTE
r-devel-linux-x86_64-fedora-gcc 0.1-2 88.85 NOTE
r-devel-windows-x86_64-new-UL 0.1-2 17.00 94.00 111.00 NOTE
r-devel-windows-x86_64-new-TK 0.1-2 NOTE
r-patched-linux-x86_64 0.1-2 4.64 69.72 74.36 NOTE
r-release-linux-x86_64 0.1-2 4.75 68.47 73.22 NOTE
r-release-macos-arm64 0.1-2 NOTE
r-release-macos-x86_64 0.1-2 NOTE
r-release-windows-ix86+x86_64 0.1-2 15.00 85.00 100.00 NOTE
r-oldrel-macos-x86_64 0.1-2 NOTE
r-oldrel-windows-ix86+x86_64 0.1-2 15.00 85.00 100.00 NOTE

Check Details

Version: 0.1-2
Check: R code for possible problems
Result: NOTE
    mahalanobisComposite: no visible global function definition for
     'princomp'
    prepareComposite: no visible global function definition for 'cov'
    winsorizor : f: no visible global function definition for 'quantile'
    Undefined global functions or variables:
     cov princomp quantile
    Consider adding
     importFrom("stats", "cov", "princomp", "quantile")
    to your NAMESPACE file.
Flavors: r-devel-linux-x86_64-debian-clang, r-devel-linux-x86_64-debian-gcc, r-devel-linux-x86_64-fedora-clang, r-devel-linux-x86_64-fedora-gcc, r-devel-windows-x86_64-new-UL, r-devel-windows-x86_64-new-TK, r-patched-linux-x86_64, r-release-linux-x86_64, r-release-macos-arm64, r-release-macos-x86_64, r-release-windows-ix86+x86_64, r-oldrel-macos-x86_64, r-oldrel-windows-ix86+x86_64