CRAN Package Check Results for Package psica

Last updated on 2022-05-27 21:51:30 CEST.

Flavor Version Tinstall Tcheck Ttotal Status Flags
r-devel-linux-x86_64-debian-clang 1.0.2 8.34 98.86 107.20 NOTE
r-devel-linux-x86_64-debian-gcc 1.0.2 7.86 76.27 84.13 NOTE
r-devel-linux-x86_64-fedora-clang 1.0.2 131.31 NOTE
r-devel-linux-x86_64-fedora-gcc 1.0.2 118.87 NOTE
r-devel-windows-x86_64 1.0.2 14.00 112.00 126.00 NOTE
r-patched-linux-x86_64 1.0.2 9.80 95.07 104.87 NOTE
r-release-linux-x86_64 1.0.2 8.45 95.40 103.85 NOTE
r-release-macos-arm64 1.0.2 33.00 NOTE
r-release-macos-x86_64 1.0.2 65.00 NOTE
r-release-windows-x86_64 1.0.2 15.00 110.00 125.00 NOTE
r-oldrel-macos-arm64 1.0.2 39.00 NOTE
r-oldrel-macos-x86_64 1.0.2 66.00 NOTE
r-oldrel-windows-ix86+x86_64 1.0.2 23.00 106.00 129.00 NOTE

Check Details

Version: 1.0.2
Check: LazyData
Result: NOTE
     'LazyData' is specified without a 'data' directory
Flavors: r-devel-linux-x86_64-debian-clang, r-devel-linux-x86_64-debian-gcc, r-devel-linux-x86_64-fedora-clang, r-devel-linux-x86_64-fedora-gcc, r-devel-windows-x86_64, r-patched-linux-x86_64, r-release-linux-x86_64, r-release-macos-arm64, r-release-macos-x86_64, r-release-windows-x86_64, r-oldrel-macos-arm64, r-oldrel-macos-x86_64, r-oldrel-windows-ix86+x86_64