CRAN Package Check Results for Package pspline.inference

Last updated on 2021-12-03 19:50:22 CET.

Flavor Version Tinstall Tcheck Ttotal Status Flags
r-devel-linux-x86_64-debian-clang 1.0.4 9.84 169.35 179.19 NOTE
r-devel-linux-x86_64-debian-gcc 1.0.4 7.27 126.11 133.38 NOTE
r-devel-linux-x86_64-fedora-clang 1.0.4 220.82 NOTE
r-devel-linux-x86_64-fedora-gcc 1.0.4 208.10 NOTE
r-devel-windows-x86_64-new-UL 1.0.4 19.00 216.00 235.00 NOTE
r-devel-windows-x86_64-new-TK 1.0.4 WARN
r-devel-windows-x86_64-old 1.0.4 16.00 148.00 164.00 NOTE
r-patched-linux-x86_64 1.0.4 9.07 159.30 168.37 NOTE
r-release-linux-x86_64 1.0.4 10.81 162.88 173.69 NOTE
r-release-macos-arm64 1.0.4 NOTE
r-release-macos-x86_64 1.0.4 NOTE
r-release-windows-ix86+x86_64 1.0.4 23.00 200.00 223.00 NOTE
r-oldrel-macos-x86_64 1.0.4 OK
r-oldrel-windows-ix86+x86_64 1.0.4 23.00 213.00 236.00 OK

Check Details

Version: 1.0.4
Check: LazyData
Result: NOTE
     'LazyData' is specified without a 'data' directory
Flavors: r-devel-linux-x86_64-debian-clang, r-devel-linux-x86_64-debian-gcc, r-devel-linux-x86_64-fedora-clang, r-devel-linux-x86_64-fedora-gcc, r-devel-windows-x86_64-new-UL, r-devel-windows-x86_64-new-TK, r-devel-windows-x86_64-old, r-patched-linux-x86_64, r-release-linux-x86_64, r-release-macos-arm64, r-release-macos-x86_64, r-release-windows-ix86+x86_64

Version: 1.0.4
Check: re-building of vignette outputs
Result: WARN
    Error(s) in re-building vignettes:
    --- re-building 'seasonal.Rmd' using rmarkdown
    Loading required package: nlme
    This is mgcv 1.8-38. For overview type 'help("mgcv-package")'.
    
    Attaching package: 'dplyr'
    
    The following object is masked from 'package:nlme':
    
     collapse
    
    The following objects are masked from 'package:stats':
    
     filter, lag
    
    The following objects are masked from 'package:base':
    
     intersect, setdiff, setequal, union
    
    
    Attaching package: 'kableExtra'
    
    The following object is masked from 'package:dplyr':
    
     group_rows
    
    Loading required package: foreach
    Loading required package: iterators
    Loading required package: parallel
    Warning: <anonymous>: ... may be used in an incorrect context: '.fun(piece, ...)'
    
    Warning: <anonymous>: ... may be used in an incorrect context: '.fun(piece, ...)'
    
    Quitting from lines 331-342 (seasonal.Rmd)
    Error: processing vignette 'seasonal.Rmd' failed with diagnostics:
    task 1 failed - "object 'makeModel' not found"
    --- failed re-building 'seasonal.Rmd'
    
    SUMMARY: processing the following file failed:
     'seasonal.Rmd'
    
    Error: Vignette re-building failed.
    Execution halted
Flavor: r-devel-windows-x86_64-new-TK