Last updated on 2021-03-07 19:49:05 CET.
Flavor | Version | Tinstall | Tcheck | Ttotal | Status | Flags |
---|---|---|---|---|---|---|
r-devel-linux-x86_64-debian-clang | 0.3.7 | 7.51 | 562.04 | 569.55 | OK | |
r-devel-linux-x86_64-debian-gcc | 0.3.7 | 7.04 | 444.75 | 451.79 | OK | |
r-devel-linux-x86_64-fedora-clang | 0.3.7 | 611.55 | OK | |||
r-devel-linux-x86_64-fedora-gcc | 0.3.7 | 571.92 | OK | |||
r-devel-windows-ix86+x86_64 | 0.3.7 | 18.00 | 508.00 | 526.00 | OK | |
r-devel-windows-x86_64-gcc10-UCRT | 0.3.7 | OK | ||||
r-patched-linux-x86_64 | 0.3.7 | 7.72 | 499.27 | 506.99 | OK | |
r-patched-solaris-x86 | 0.3.7 | 476.50 | ERROR | |||
r-release-linux-x86_64 | 0.3.7 | 8.13 | 508.40 | 516.53 | OK | |
r-release-macos-x86_64 | 0.3.7 | OK | ||||
r-release-windows-ix86+x86_64 | 0.3.7 | 19.00 | 493.00 | 512.00 | OK | |
r-oldrel-macos-x86_64 | 0.3.7 | OK | ||||
r-oldrel-windows-ix86+x86_64 | 0.3.7 | 11.00 | 437.00 | 448.00 | OK |
Version: 0.3.7
Check: tests
Result: ERROR
Running ‘testthat.R’ [0m/180m]
Running the tests in ‘tests/testthat.R’ failed.
Complete output:
> suppressPackageStartupMessages(library(testthat))
> suppressPackageStartupMessages(library(pulsar))
>
> testthat::test_check("pulsar")
*** caught segfault ***
address 12, cause 'memory not mapped'
Flavor: r-patched-solaris-x86