CRAN Package Check Results for Package purrrlyr

Last updated on 2021-11-28 19:49:01 CET.

Flavor Version Tinstall Tcheck Ttotal Status Flags
r-devel-linux-x86_64-debian-clang 0.0.7 NOTE
r-devel-linux-x86_64-debian-gcc 0.0.7 29.64 38.67 68.31 NOTE
r-devel-linux-x86_64-fedora-clang 0.0.7 145.52 NOTE
r-devel-linux-x86_64-fedora-gcc 0.0.7 118.14 NOTE
r-devel-windows-x86_64-new-UL 0.0.7 65.00 109.00 174.00 NOTE
r-devel-windows-x86_64-new-TK 0.0.7 NOTE
r-devel-windows-x86_64-old 0.0.7 51.00 77.00 128.00 NOTE
r-patched-linux-x86_64 0.0.7 40.32 44.42 84.74 NOTE
r-patched-solaris-x86 0.0.7 131.40 NOTE
r-release-linux-x86_64 0.0.7 37.96 45.29 83.25 NOTE
r-release-macos-arm64 0.0.7 NOTE
r-release-macos-x86_64 0.0.7 NOTE
r-release-windows-ix86+x86_64 0.0.7 120.00 76.00 196.00 NOTE
r-oldrel-macos-x86_64 0.0.7 OK
r-oldrel-windows-ix86+x86_64 0.0.7 119.00 105.00 224.00 OK

Check Details

Version: 0.0.7
Check: LazyData
Result: NOTE
     'LazyData' is specified without a 'data' directory
Flavors: r-devel-linux-x86_64-debian-clang, r-devel-linux-x86_64-debian-gcc, r-devel-linux-x86_64-fedora-clang, r-devel-linux-x86_64-fedora-gcc, r-devel-windows-x86_64-new-UL, r-devel-windows-x86_64-new-TK, r-devel-windows-x86_64-old, r-patched-linux-x86_64, r-patched-solaris-x86, r-release-linux-x86_64, r-release-macos-arm64, r-release-macos-x86_64, r-release-windows-ix86+x86_64