CRAN Package Check Results for Package puzzle

Last updated on 2021-06-20 21:49:17 CEST.

Flavor Version Tinstall Tcheck Ttotal Status Flags
r-devel-linux-x86_64-debian-clang 0.0.1 3.69 29.91 33.60 OK
r-devel-linux-x86_64-debian-gcc 0.0.1 3.14 23.25 26.39 OK
r-devel-linux-x86_64-fedora-clang 0.0.1 49.91 NOTE
r-devel-linux-x86_64-fedora-gcc 0.0.1 40.04 NOTE
r-devel-windows-x86_64 0.0.1 8.00 48.00 56.00 OK
r-devel-windows-x86_64-gcc10-UCRT 0.0.1 ERROR
r-patched-linux-x86_64 0.0.1 4.04 28.85 32.89 OK
r-patched-solaris-x86 0.0.1 58.90 NOTE
r-release-linux-x86_64 0.0.1 3.52 28.85 32.37 OK
r-release-macos-arm64 0.0.1 NOTE
r-release-macos-x86_64 0.0.1 NOTE
r-release-windows-ix86+x86_64 0.0.1 9.00 50.00 59.00 OK
r-oldrel-macos-x86_64 0.0.1 NOTE

Check Details

Version: 0.0.1
Check: dependencies in R code
Result: NOTE
    Namespaces in Imports field not imported from:
     ‘kableExtra’ ‘readr’ ‘tidyverse’
     All declared Imports should be used.
Flavors: r-devel-linux-x86_64-fedora-clang, r-devel-linux-x86_64-fedora-gcc, r-patched-solaris-x86, r-release-macos-arm64, r-release-macos-x86_64, r-oldrel-macos-x86_64

Version: 0.0.1
Check: package dependencies
Result: ERROR
    Packages required but not available: 'kableExtra', 'tidyverse'
    
    Package suggested but not available for checking: 'devtools'
    
    See section 'The DESCRIPTION file' in the 'Writing R Extensions'
    manual.
Flavor: r-devel-windows-x86_64-gcc10-UCRT