Last updated on 2023-02-06 19:54:32 CET.
Flavor | Version | Tinstall | Tcheck | Ttotal | Status | Flags |
---|---|---|---|---|---|---|
r-devel-linux-x86_64-debian-clang | 1.3.4 | 15.62 | 434.77 | 450.39 | OK | |
r-devel-linux-x86_64-debian-gcc | 1.3.4 | 12.02 | 326.77 | 338.79 | OK | |
r-devel-linux-x86_64-fedora-clang | 1.3.4 | 551.78 | NOTE | |||
r-devel-linux-x86_64-fedora-gcc | 1.3.4 | 552.90 | OK | |||
r-devel-windows-x86_64 | 1.3.4 | 50.00 | 451.00 | 501.00 | NOTE | |
r-patched-linux-x86_64 | 1.3.4 | 17.28 | 405.62 | 422.90 | OK | |
r-release-linux-x86_64 | 1.3.4 | 14.93 | 419.95 | 434.88 | OK | |
r-release-macos-arm64 | 1.3.4 | 210.00 | NOTE | |||
r-release-macos-x86_64 | 1.3.4 | 247.00 | NOTE | |||
r-release-windows-x86_64 | 1.3.4 | 35.00 | 477.00 | 512.00 | NOTE | |
r-oldrel-macos-arm64 | 1.3.4 | 293.00 | NOTE | |||
r-oldrel-macos-x86_64 | 1.3.4 | 231.00 | NOTE | |||
r-oldrel-windows-ix86+x86_64 | 1.3.4 | 33.00 | 704.00 | 737.00 | NOTE |
Version: 1.3.4
Check: installed package size
Result: NOTE
installed size is 5.9Mb
sub-directories of 1Mb or more:
doc 5.2Mb
Flavors: r-devel-linux-x86_64-fedora-clang, r-devel-windows-x86_64, r-release-macos-arm64, r-release-macos-x86_64, r-release-windows-x86_64, r-oldrel-macos-arm64, r-oldrel-macos-x86_64, r-oldrel-windows-ix86+x86_64