CRAN Package Check Results for Package qiitr

Last updated on 2021-11-30 19:51:33 CET.

Flavor Version Tinstall Tcheck Ttotal Status Flags
r-devel-linux-x86_64-debian-clang 0.1.1 2.14 23.27 25.41 NOTE
r-devel-linux-x86_64-debian-gcc 0.1.1 1.78 18.27 20.05 NOTE
r-devel-linux-x86_64-fedora-clang 0.1.1 41.96 NOTE
r-devel-linux-x86_64-fedora-gcc 0.1.1 31.57 NOTE
r-devel-windows-x86_64-new-UL 0.1.1 7.00 57.00 64.00 NOTE
r-devel-windows-x86_64-new-TK 0.1.1 NOTE
r-devel-windows-x86_64-old 0.1.1 6.00 29.00 35.00 NOTE
r-patched-linux-x86_64 0.1.1 2.43 22.09 24.52 NOTE
r-patched-solaris-x86 0.1.1 47.20 NOTE
r-release-linux-x86_64 0.1.1 1.96 22.16 24.12 NOTE
r-release-macos-arm64 0.1.1 NOTE
r-release-macos-x86_64 0.1.1 NOTE
r-release-windows-ix86+x86_64 0.1.1 5.00 29.00 34.00 NOTE
r-oldrel-macos-x86_64 0.1.1 OK
r-oldrel-windows-ix86+x86_64 0.1.1 4.00 30.00 34.00 OK

Check Details

Version: 0.1.1
Check: LazyData
Result: NOTE
     'LazyData' is specified without a 'data' directory
Flavors: r-devel-linux-x86_64-debian-clang, r-devel-linux-x86_64-debian-gcc, r-devel-linux-x86_64-fedora-clang, r-devel-linux-x86_64-fedora-gcc, r-devel-windows-x86_64-new-UL, r-devel-windows-x86_64-new-TK, r-devel-windows-x86_64-old, r-patched-linux-x86_64, r-patched-solaris-x86, r-release-linux-x86_64, r-release-macos-arm64, r-release-macos-x86_64, r-release-windows-ix86+x86_64