CRAN Package Check Results for Package qpdf

Last updated on 2022-06-25 21:53:08 CEST.

Flavor Version Tinstall Tcheck Ttotal Status Flags
r-devel-linux-x86_64-debian-clang 1.2.0 131.61 29.49 161.10 OK
r-devel-linux-x86_64-debian-gcc 1.2.0 131.24 23.47 154.71 OK
r-devel-linux-x86_64-fedora-clang 1.2.0 310.25 NOTE
r-devel-linux-x86_64-fedora-gcc 1.2.0 257.25 OK
r-devel-windows-x86_64 1.2.0 156.00 87.00 243.00 OK
r-patched-linux-x86_64 1.2.0 128.15 28.82 156.97 OK
r-release-linux-x86_64 1.2.0 140.65 28.43 169.08 OK
r-release-macos-arm64 1.2.0 68.00 NOTE
r-release-macos-x86_64 1.2.0 91.00 NOTE
r-release-windows-x86_64 1.2.0 150.00 89.00 239.00 OK
r-oldrel-macos-arm64 1.2.0 62.00 NOTE
r-oldrel-macos-x86_64 1.2.0 97.00 NOTE
r-oldrel-windows-ix86+x86_64 1.2.0 363.00 86.00 449.00 NOTE

Check Details

Version: 1.2.0
Check: installed package size
Result: NOTE
     installed size is 9.3Mb
     sub-directories of 1Mb or more:
     libs 9.2Mb
Flavors: r-devel-linux-x86_64-fedora-clang, r-release-macos-arm64, r-release-macos-x86_64, r-oldrel-macos-arm64, r-oldrel-macos-x86_64, r-oldrel-windows-ix86+x86_64