CRAN Package Check Results for Package qte

Last updated on 2022-05-25 21:53:08 CEST.

Flavor Version Tinstall Tcheck Ttotal Status Flags
r-devel-linux-x86_64-debian-clang 1.3.0 16.38 170.64 187.02 OK
r-devel-linux-x86_64-debian-gcc 1.3.0 11.92 126.33 138.25 OK
r-devel-linux-x86_64-fedora-clang 1.3.0 218.01 NOTE
r-devel-linux-x86_64-fedora-gcc 1.3.0 202.60 NOTE
r-devel-windows-x86_64 1.3.0 32.00 195.00 227.00 OK
r-patched-linux-x86_64 1.3.0 10.86 160.95 171.81 OK
r-release-linux-x86_64 1.3.0 OK
r-release-macos-arm64 1.3.0 76.00 NOTE
r-release-macos-x86_64 1.3.0 123.00 NOTE
r-release-windows-x86_64 1.3.0 38.00 187.00 225.00 OK
r-oldrel-macos-arm64 1.3.0 85.00 NOTE
r-oldrel-macos-x86_64 1.3.0 122.00 NOTE
r-oldrel-windows-ix86+x86_64 1.3.0 35.00 182.00 217.00 OK

Check Details

Version: 1.3.0
Check: dependencies in R code
Result: NOTE
    Namespaces in Imports field not imported from:
     ‘knitr’ ‘msm’
     All declared Imports should be used.
Flavors: r-devel-linux-x86_64-fedora-clang, r-devel-linux-x86_64-fedora-gcc, r-release-macos-arm64, r-release-macos-x86_64, r-oldrel-macos-arm64, r-oldrel-macos-x86_64