CRAN Package Check Results for Package qtlpoly

Last updated on 2024-03-04 19:54:21 CET.

Flavor Version Tinstall Tcheck Ttotal Status Flags
r-devel-linux-x86_64-debian-clang 0.2.3 85.95 157.67 243.62 NOTE
r-devel-linux-x86_64-debian-gcc 0.2.3 73.50 117.10 190.60 NOTE
r-devel-linux-x86_64-fedora-clang 0.2.3 317.65 NOTE
r-devel-linux-x86_64-fedora-gcc 0.2.3 317.89 NOTE
r-devel-windows-x86_64 0.2.3 66.00 146.00 212.00 NOTE
r-patched-linux-x86_64 0.2.3 86.29 154.16 240.45 NOTE
r-release-linux-x86_64 0.2.3 66.76 152.47 219.23 NOTE
r-release-macos-arm64 0.2.3 93.00 NOTE
r-release-macos-x86_64 0.2.3 147.00 NOTE
r-release-windows-x86_64 0.2.3 92.00 182.00 274.00 NOTE
r-oldrel-macos-arm64 0.2.3 79.00 NOTE
r-oldrel-windows-x86_64 0.2.3 83.00 170.00 253.00 OK

Check Details

Version: 0.2.3
Check: C++ specification
Result: NOTE Specified C++11: please drop specification unless essential Flavors: r-devel-linux-x86_64-debian-clang, r-devel-linux-x86_64-debian-gcc, r-devel-linux-x86_64-fedora-clang, r-devel-linux-x86_64-fedora-gcc, r-devel-windows-x86_64, r-patched-linux-x86_64, r-release-linux-x86_64, r-release-macos-arm64, r-release-macos-x86_64, r-release-windows-x86_64

Version: 0.2.3
Check: Rd \usage sections
Result: NOTE Documented arguments not in \usage in Rd file 'mmer_adapted.Rd': ‘void’ Functions with \usage entries need to have the appropriate \alias entries, and all their arguments documented. The \usage entries must correspond to syntactically valid R code. See chapter ‘Writing R documentation files’ in the ‘Writing R Extensions’ manual. Flavors: r-devel-linux-x86_64-debian-clang, r-devel-linux-x86_64-debian-gcc, r-devel-linux-x86_64-fedora-clang, r-devel-linux-x86_64-fedora-gcc, r-devel-windows-x86_64

Version: 0.2.3
Check: installed package size
Result: NOTE installed size is 6.8Mb sub-directories of 1Mb or more: libs 5.8Mb Flavors: r-release-macos-arm64, r-release-macos-x86_64, r-oldrel-macos-arm64