Last updated on 2021-03-07 19:49:05 CET.
Flavor | Version | Tinstall | Tcheck | Ttotal | Status | Flags |
---|---|---|---|---|---|---|
r-devel-linux-x86_64-debian-clang | 0.5.0 | 12.02 | 110.40 | 122.42 | OK | |
r-devel-linux-x86_64-debian-gcc | 0.5.0 | 9.17 | 83.92 | 93.09 | OK | |
r-devel-linux-x86_64-fedora-clang | 0.5.0 | 152.87 | NOTE | |||
r-devel-linux-x86_64-fedora-gcc | 0.5.0 | 144.21 | NOTE | |||
r-devel-windows-ix86+x86_64 | 0.5.0 | 24.00 | 100.00 | 124.00 | OK | |
r-devel-windows-x86_64-gcc10-UCRT | 0.5.0 | NOTE | ||||
r-patched-linux-x86_64 | 0.5.0 | 10.77 | 103.14 | 113.91 | OK | |
r-patched-solaris-x86 | 0.5.0 | 200.90 | NOTE | |||
r-release-linux-x86_64 | 0.5.0 | 10.13 | 103.32 | 113.45 | OK | |
r-release-macos-x86_64 | 0.5.0 | NOTE | ||||
r-release-windows-ix86+x86_64 | 0.5.0 | 17.00 | 98.00 | 115.00 | OK | |
r-oldrel-macos-x86_64 | 0.5.0 | NOTE | ||||
r-oldrel-windows-ix86+x86_64 | 0.5.0 | 15.00 | 92.00 | 107.00 | OK |
Version: 0.5.0
Check: dependencies in R code
Result: NOTE
Namespace in Imports field not imported from: ‘viridis’
All declared Imports should be used.
Flavors: r-devel-linux-x86_64-fedora-clang, r-devel-linux-x86_64-fedora-gcc, r-devel-windows-x86_64-gcc10-UCRT, r-patched-solaris-x86, r-release-macos-x86_64, r-oldrel-macos-x86_64
Version: 0.5.0
Check: Rd cross-references
Result: NOTE
Undeclared package ‘rgl’ in Rd xrefs
Flavor: r-devel-linux-x86_64-fedora-clang