CRAN Package Check Results for Package qualpalr

Last updated on 2022-05-27 21:51:30 CEST.

Flavor Version Tinstall Tcheck Ttotal Status Flags
r-devel-linux-x86_64-debian-clang 0.4.3 31.32 53.02 84.34 NOTE
r-devel-linux-x86_64-debian-gcc 0.4.3 25.78 40.72 66.50 NOTE
r-devel-linux-x86_64-fedora-clang 0.4.3 121.90 NOTE
r-devel-linux-x86_64-fedora-gcc 0.4.3 113.86 NOTE
r-devel-windows-x86_64 0.4.3 47.00 96.00 143.00 NOTE
r-patched-linux-x86_64 0.4.3 26.47 50.29 76.76 NOTE
r-release-linux-x86_64 0.4.3 29.09 51.96 81.05 NOTE
r-release-macos-arm64 0.4.3 33.00 NOTE
r-release-macos-x86_64 0.4.3 45.00 NOTE
r-release-windows-x86_64 0.4.3 44.00 91.00 135.00 NOTE
r-oldrel-macos-arm64 0.4.3 35.00 NOTE
r-oldrel-macos-x86_64 0.4.3 52.00 NOTE
r-oldrel-windows-ix86+x86_64 0.4.3 91.00 96.00 187.00 NOTE

Check Details

Version: 0.4.3
Check: LazyData
Result: NOTE
     'LazyData' is specified without a 'data' directory
Flavors: r-devel-linux-x86_64-debian-clang, r-devel-linux-x86_64-debian-gcc, r-devel-linux-x86_64-fedora-clang, r-devel-linux-x86_64-fedora-gcc, r-devel-windows-x86_64, r-patched-linux-x86_64, r-release-linux-x86_64, r-release-macos-arm64, r-release-macos-x86_64, r-release-windows-x86_64, r-oldrel-macos-arm64, r-oldrel-macos-x86_64, r-oldrel-windows-ix86+x86_64

Version: 0.4.3
Check: for GNU extensions in Makefiles
Result: NOTE
    GNU make is a SystemRequirements.
Flavors: r-devel-linux-x86_64-debian-clang, r-devel-linux-x86_64-debian-gcc, r-devel-linux-x86_64-fedora-clang, r-devel-linux-x86_64-fedora-gcc, r-devel-windows-x86_64, r-patched-linux-x86_64, r-release-linux-x86_64, r-release-macos-arm64, r-release-macos-x86_64, r-release-windows-x86_64, r-oldrel-macos-arm64, r-oldrel-macos-x86_64, r-oldrel-windows-ix86+x86_64