CRAN Package Check Results for Package r2dii.data

Last updated on 2024-02-28 19:49:45 CET.

Flavor Version Tinstall Tcheck Ttotal Status Flags
r-devel-linux-x86_64-debian-clang 0.4.1 2.36 36.24 38.60 OK
r-devel-linux-x86_64-debian-gcc 0.4.1 2.96 28.24 31.20 OK
r-devel-linux-x86_64-fedora-clang 0.4.1 48.92 NOTE
r-devel-linux-x86_64-fedora-gcc 0.4.1 46.53 NOTE
r-devel-windows-x86_64 0.4.1 5.00 54.00 59.00 OK
r-patched-linux-x86_64 0.4.1 4.11 35.50 39.61 OK
r-release-linux-x86_64 0.4.1 4.13 35.41 39.54 OK
r-release-macos-arm64 0.4.1 20.00 OK
r-release-macos-x86_64 0.4.1 41.00 OK
r-release-windows-x86_64 0.4.1 6.00 57.00 63.00 OK
r-oldrel-macos-arm64 0.4.1 21.00 OK
r-oldrel-windows-x86_64 0.4.1 6.00 58.00 64.00 OK

Check Details

Version: 0.4.1
Check: data for non-ASCII characters
Result: NOTE Note: found 5 marked UTF-8 strings Flavors: r-devel-linux-x86_64-fedora-clang, r-devel-linux-x86_64-fedora-gcc