CRAN Package Check Results for Package r2sundials

Last updated on 2022-06-28 21:51:29 CEST.

Flavor Version Tinstall Tcheck Ttotal Status Flags
r-devel-linux-x86_64-debian-clang 5.0.0-10 69.40 179.06 248.46 OK
r-devel-linux-x86_64-debian-gcc 5.0.0-10 59.11 130.46 189.57 OK
r-devel-linux-x86_64-fedora-clang 5.0.0-10 344.49 NOTE
r-devel-linux-x86_64-fedora-gcc 5.0.0-10 306.10 OK
r-devel-windows-x86_64 5.0.0-10 147.00 227.00 374.00 OK
r-patched-linux-x86_64 5.0.0-10 65.85 160.49 226.34 OK
r-release-linux-x86_64 5.0.0-10 59.51 158.68 218.19 OK
r-release-macos-arm64 5.0.0-10 75.00 NOTE
r-release-macos-x86_64 5.0.0-10 95.00 NOTE
r-release-windows-x86_64 5.0.0-10 141.00 224.00 365.00 OK
r-oldrel-macos-arm64 5.0.0-10 86.00 NOTE
r-oldrel-macos-x86_64 5.0.0-10 126.00 NOTE
r-oldrel-windows-ix86+x86_64 5.0.0-10 181.00 389.00 570.00 OK

Check Details

Version: 5.0.0-10
Check: installed package size
Result: NOTE
     installed size is 5.3Mb
     sub-directories of 1Mb or more:
     libs 3.2Mb
Flavors: r-devel-linux-x86_64-fedora-clang, r-release-macos-arm64, r-release-macos-x86_64, r-oldrel-macos-arm64, r-oldrel-macos-x86_64