CRAN Package Check Results for Package r2symbols

Last updated on 2022-05-28 21:50:48 CEST.

Flavor Version Tinstall Tcheck Ttotal Status Flags
r-devel-linux-x86_64-debian-clang 0.1 2.16 33.10 35.26 NOTE
r-devel-linux-x86_64-debian-gcc 0.1 1.70 26.16 27.86 NOTE
r-devel-linux-x86_64-fedora-clang 0.1 43.25 NOTE
r-devel-linux-x86_64-fedora-gcc 0.1 32.19 NOTE
r-devel-windows-x86_64 0.1 22.00 52.00 74.00 NOTE
r-patched-linux-x86_64 0.1 2.16 32.70 34.86 NOTE
r-release-linux-x86_64 0.1 1.77 32.61 34.38 NOTE
r-release-macos-arm64 0.1 16.00 NOTE
r-release-macos-x86_64 0.1 22.00 NOTE
r-release-windows-x86_64 0.1 27.00 52.00 79.00 NOTE
r-oldrel-macos-arm64 0.1 21.00 NOTE
r-oldrel-macos-x86_64 0.1 26.00 NOTE
r-oldrel-windows-ix86+x86_64 0.1 5.00 44.00 49.00 NOTE

Check Details

Version: 0.1
Check: LazyData
Result: NOTE
     'LazyData' is specified without a 'data' directory
Flavors: r-devel-linux-x86_64-debian-clang, r-devel-linux-x86_64-debian-gcc, r-devel-linux-x86_64-fedora-clang, r-devel-linux-x86_64-fedora-gcc, r-devel-windows-x86_64, r-patched-linux-x86_64, r-release-linux-x86_64, r-release-macos-arm64, r-release-macos-x86_64, r-release-windows-x86_64, r-oldrel-macos-arm64, r-oldrel-macos-x86_64, r-oldrel-windows-ix86+x86_64