CRAN Package Check Results for Package r3js

Last updated on 2023-01-26 19:49:36 CET.

Flavor Version Tinstall Tcheck Ttotal Status Flags
r-devel-linux-x86_64-debian-clang 0.0.1 4.69 167.53 172.22 OK
r-devel-linux-x86_64-debian-gcc 0.0.1 4.39 124.71 129.10 OK
r-devel-linux-x86_64-fedora-clang 0.0.1 223.45 NOTE
r-devel-linux-x86_64-fedora-gcc 0.0.1 212.24 OK
r-patched-linux-x86_64 0.0.1 5.32 161.95 167.27 OK
r-release-linux-x86_64 0.0.1 3.68 157.43 161.11 OK
r-release-macos-arm64 0.0.1 59.00 NOTE
r-release-macos-x86_64 0.0.1 78.00 NOTE
r-release-windows-x86_64 0.0.1 56.00 215.00 271.00 NOTE
r-oldrel-macos-arm64 0.0.1 52.00 NOTE
r-oldrel-macos-x86_64 0.0.1 75.00 NOTE
r-oldrel-windows-ix86+x86_64 0.0.1 12.00 207.00 219.00 NOTE

Check Details

Version: 0.0.1
Check: installed package size
Result: NOTE
     installed size is 7.3Mb
     sub-directories of 1Mb or more:
     doc 5.3Mb
     htmlwidgets 1.8Mb
Flavors: r-devel-linux-x86_64-fedora-clang, r-release-macos-arm64, r-release-macos-x86_64, r-release-windows-x86_64, r-oldrel-macos-arm64, r-oldrel-macos-x86_64, r-oldrel-windows-ix86+x86_64