CRAN Package Check Results for Package rAmCharts

Last updated on 2022-01-16 19:49:36 CET.

Flavor Version Tinstall Tcheck Ttotal Status Flags
r-devel-linux-x86_64-debian-clang 2.1.13 16.85 128.69 145.54 OK
r-devel-linux-x86_64-debian-gcc 2.1.13 12.27 96.13 108.40 OK
r-devel-linux-x86_64-fedora-clang 2.1.13 162.87 NOTE
r-devel-linux-x86_64-fedora-gcc 2.1.13 146.57 OK
r-devel-windows-x86_64-new-UL 2.1.13 1100.00 380.00 1480.00 NOTE
r-devel-windows-x86_64-new-TK 2.1.13 OK
r-patched-linux-x86_64 2.1.13 17.73 113.73 131.46 OK
r-release-linux-x86_64 2.1.13 OK
r-release-macos-arm64 2.1.13 NOTE
r-release-macos-x86_64 2.1.13 NOTE
r-release-windows-ix86+x86_64 2.1.13 37.00 140.00 177.00 NOTE
r-oldrel-macos-x86_64 2.1.13 NOTE
r-oldrel-windows-ix86+x86_64 2.1.13 36.00 149.00 185.00 NOTE

Check Details

Version: 2.1.13
Check: installed package size
Result: NOTE
     installed size is 12.1Mb
     sub-directories of 1Mb or more:
     api 3.2Mb
     htmlwidgets 7.1Mb
Flavors: r-devel-linux-x86_64-fedora-clang, r-devel-windows-x86_64-new-UL, r-release-macos-arm64, r-release-macos-x86_64, r-release-windows-ix86+x86_64, r-oldrel-macos-x86_64, r-oldrel-windows-ix86+x86_64