CRAN Package Check Results for Package rFSA

Last updated on 2025-01-18 19:49:17 CET.

Flavor Version Tinstall Tcheck Ttotal Status Flags
r-devel-linux-x86_64-debian-clang 0.9.6 6.27 53.02 59.29 OK
r-devel-linux-x86_64-debian-gcc 0.9.6 3.83 35.89 39.72 OK
r-devel-linux-x86_64-fedora-clang 0.9.6 96.63 OK
r-devel-linux-x86_64-fedora-gcc 0.9.6 88.54 OK
r-devel-windows-x86_64 0.9.6 8.00 69.00 77.00 OK
r-patched-linux-x86_64 0.9.6 6.37 48.24 54.61 NOTE
r-release-linux-x86_64 0.9.6 5.81 48.30 54.11 NOTE
r-release-macos-arm64 0.9.6 27.00 NOTE
r-release-macos-x86_64 0.9.6 43.00 NOTE
r-release-windows-x86_64 0.9.6 9.00 68.00 77.00 NOTE
r-oldrel-macos-arm64 0.9.6 30.00 NOTE
r-oldrel-macos-x86_64 0.9.6 47.00 NOTE
r-oldrel-windows-x86_64 0.9.6 10.00 79.00 89.00 NOTE

Check Details

Version: 0.9.6
Check: LazyData
Result: NOTE 'LazyData' is specified without a 'data' directory Flavors: r-patched-linux-x86_64, r-release-linux-x86_64, r-release-macos-arm64, r-release-macos-x86_64, r-release-windows-x86_64, r-oldrel-macos-arm64, r-oldrel-macos-x86_64, r-oldrel-windows-x86_64