CRAN Package Check Results for Package rFUSION

Last updated on 2024-07-13 21:44:49 CEST.

Flavor Version Tinstall Tcheck Ttotal Status Flags
r-devel-windows-x86_64 0.1 6.00 52.00 58.00 NOTE
r-release-windows-x86_64 0.1 6.00 53.00 59.00 NOTE
r-oldrel-macos-x86_64 0.1 6.00 ERROR
r-oldrel-windows-x86_64 0.1 7.00 59.00 66.00 NOTE

Check Details

Version: 0.1
Check: LazyData
Result: NOTE 'LazyData' is specified without a 'data' directory Flavors: r-devel-windows-x86_64, r-release-windows-x86_64, r-oldrel-macos-x86_64, r-oldrel-windows-x86_64

Version: 0.1
Check: PDF version of manual
Result: WARN LaTeX errors when creating PDF version. This typically indicates Rd problems. Flavor: r-oldrel-macos-x86_64

Version: 0.1
Check: PDF version of manual without index
Result: ERROR Re-running with no redirection of stdout/stderr. Flavor: r-oldrel-macos-x86_64