CRAN Package Check Results for Package rHealthDataGov

Last updated on 2021-11-29 19:51:42 CET.

Flavor Version Tinstall Tcheck Ttotal Status Flags
r-devel-linux-x86_64-debian-clang 1.0.1 3.17 26.49 29.66 NOTE
r-devel-linux-x86_64-debian-gcc 1.0.1 2.66 21.43 24.09 NOTE
r-devel-linux-x86_64-fedora-clang 1.0.1 47.35 NOTE
r-devel-linux-x86_64-fedora-gcc 1.0.1 37.48 NOTE
r-devel-windows-x86_64-new-UL 1.0.1 8.00 61.00 69.00 NOTE
r-devel-windows-x86_64-new-TK 1.0.1 NOTE
r-devel-windows-x86_64-old 1.0.1 5.00 39.00 44.00 NOTE
r-patched-linux-x86_64 1.0.1 3.40 25.61 29.01 NOTE
r-patched-solaris-x86 1.0.1 58.70 NOTE
r-release-linux-x86_64 1.0.1 2.97 25.84 28.81 NOTE
r-release-macos-arm64 1.0.1 NOTE
r-release-macos-x86_64 1.0.1 NOTE
r-release-windows-ix86+x86_64 1.0.1 6.00 35.00 41.00 NOTE
r-oldrel-macos-x86_64 1.0.1 NOTE
r-oldrel-windows-ix86+x86_64 1.0.1 6.00 32.00 38.00 NOTE

Check Details

Version: 1.0.1
Check: R code for possible problems
Result: NOTE
    .quick_fetch: no visible global function definition for 'POST'
    .quick_fetch: no visible global function definition for 'add_headers'
    .quick_fetch: no visible global function definition for
     'stop_for_status'
    .quick_fetch: no visible global function definition for 'content'
    fetch_healthdata: no visible binding for global variable 'resources'
    fetch_healthdata : <anonymous>: no visible binding for global variable
     'filters'
    Undefined global functions or variables:
     POST add_headers content filters resources stop_for_status
Flavors: r-devel-linux-x86_64-debian-clang, r-devel-linux-x86_64-debian-gcc, r-devel-linux-x86_64-fedora-clang, r-devel-linux-x86_64-fedora-gcc, r-devel-windows-x86_64-new-UL, r-devel-windows-x86_64-new-TK, r-devel-windows-x86_64-old, r-patched-linux-x86_64, r-patched-solaris-x86, r-release-linux-x86_64, r-release-macos-arm64, r-release-macos-x86_64, r-release-windows-ix86+x86_64, r-oldrel-macos-x86_64, r-oldrel-windows-ix86+x86_64