CRAN Package Check Results for Package rLiDAR

Last updated on 2022-05-20 21:53:01 CEST.

Flavor Version Tinstall Tcheck Ttotal Status Flags
r-devel-linux-x86_64-debian-clang 0.1.5 33.49 327.00 360.49 OK
r-devel-linux-x86_64-debian-gcc 0.1.5 28.74 240.81 269.55 OK
r-devel-linux-x86_64-fedora-clang 0.1.5 421.82 NOTE
r-devel-linux-x86_64-fedora-gcc 0.1.5 414.47 NOTE
r-devel-windows-x86_64 0.1.5 34.00 316.00 350.00 OK
r-patched-linux-x86_64 0.1.5 35.18 313.70 348.88 OK
r-release-linux-x86_64 0.1.5 34.93 312.67 347.60 OK
r-release-macos-arm64 0.1.5 90.00 NOTE
r-release-macos-x86_64 0.1.5 128.00 NOTE
r-release-windows-x86_64 0.1.5 35.00 301.00 336.00 OK
r-oldrel-macos-arm64 0.1.5 49.00 NOTE
r-oldrel-macos-x86_64 0.1.5 71.00 NOTE
r-oldrel-windows-ix86+x86_64 0.1.5 74.00 307.00 381.00 OK

Check Details

Version: 0.1.5
Check: dependencies in R code
Result: NOTE
    Namespace in Imports field not imported from: ‘rgeos’
     All declared Imports should be used.
Flavors: r-devel-linux-x86_64-fedora-clang, r-devel-linux-x86_64-fedora-gcc, r-release-macos-arm64, r-release-macos-x86_64, r-oldrel-macos-arm64, r-oldrel-macos-x86_64