CRAN Package Check Results for Package rSFA

Last updated on 2021-12-05 19:49:37 CET.

Flavor Version Tinstall Tcheck Ttotal Status Flags
r-devel-linux-x86_64-debian-clang 1.04 3.53 36.19 39.72 NOTE
r-devel-linux-x86_64-debian-gcc 1.04 2.57 28.77 31.34 NOTE
r-devel-linux-x86_64-fedora-clang 1.04 50.09 NOTE
r-devel-linux-x86_64-fedora-gcc 1.04 38.99 NOTE
r-devel-windows-x86_64-new-UL 1.04 10.00 64.00 74.00 NOTE
r-devel-windows-x86_64-new-TK 1.04 NOTE
r-devel-windows-x86_64-old 1.04 6.00 34.00 40.00 NOTE
r-patched-linux-x86_64 1.04 3.76 26.84 30.60 NOTE
r-release-linux-x86_64 1.04 3.19 35.09 38.28 NOTE
r-release-macos-arm64 1.04 NOTE
r-release-macos-x86_64 1.04 NOTE
r-release-windows-ix86+x86_64 1.04 7.00 44.00 51.00 NOTE
r-oldrel-macos-x86_64 1.04 NOTE
r-oldrel-windows-ix86+x86_64 1.04 6.00 45.00 51.00 NOTE

Check Details

Version: 1.04
Check: R code for possible problems
Result: NOTE
    addNoisyCopies: no visible global function definition for 'rnorm'
    eta: no visible global function definition for 'var'
    gaussClassifier: no visible global function definition for 'runif'
    getSigma: no visible global function definition for 'sd'
    getSigma: no visible binding for global variable 'sd'
    sfaClassify: no visible global function definition for 'rainbow'
    sfaClassify: no visible global function definition for 'par'
    sfaClassify: no visible global function definition for 'points'
    sfaClassify: no visible global function definition for 'lines'
    Undefined global functions or variables:
     lines par points rainbow rnorm runif sd var
    Consider adding
     importFrom("grDevices", "rainbow")
     importFrom("graphics", "lines", "par", "points")
     importFrom("stats", "rnorm", "runif", "sd", "var")
    to your NAMESPACE file.
Flavors: r-devel-linux-x86_64-debian-clang, r-devel-linux-x86_64-debian-gcc, r-devel-linux-x86_64-fedora-clang, r-devel-linux-x86_64-fedora-gcc, r-devel-windows-x86_64-new-UL, r-devel-windows-x86_64-new-TK, r-devel-windows-x86_64-old, r-patched-linux-x86_64, r-release-linux-x86_64, r-release-macos-arm64, r-release-macos-x86_64, r-release-windows-ix86+x86_64, r-oldrel-macos-x86_64, r-oldrel-windows-ix86+x86_64