CRAN Package Check Results for Package rUM

Last updated on 2021-11-30 19:51:36 CET.

Flavor Version Tinstall Tcheck Ttotal Status Flags
r-devel-linux-x86_64-debian-clang 0.3.1 8.95 71.01 79.96 OK
r-devel-linux-x86_64-debian-gcc 0.3.1 6.96 54.27 61.23 OK
r-devel-linux-x86_64-fedora-clang 0.3.1 108.53 NOTE
r-devel-linux-x86_64-fedora-gcc 0.3.1 95.85 NOTE
r-devel-windows-x86_64-new-UL 0.3.1 19.00 118.00 137.00 OK
r-devel-windows-x86_64-new-TK 0.3.1 NOTE
r-devel-windows-x86_64-old 0.3.1 15.00 73.00 88.00 OK
r-patched-linux-x86_64 0.3.1 9.19 67.06 76.25 OK
r-patched-solaris-x86 0.3.1 132.50 NOTE
r-release-linux-x86_64 0.3.1 7.41 66.83 74.24 OK
r-release-macos-arm64 0.3.1 NOTE
r-release-macos-x86_64 0.3.1 NOTE
r-release-windows-ix86+x86_64 0.3.1 23.00 95.00 118.00 OK
r-oldrel-macos-x86_64 0.3.1 NOTE
r-oldrel-windows-ix86+x86_64 0.3.1 13.00 67.00 80.00 OK

Check Details

Version: 0.3.1
Check: dependencies in R code
Result: NOTE
    Namespaces in Imports field not imported from:
     ‘bookdown’ ‘rmarkdown’ ‘table1’
     All declared Imports should be used.
Flavors: r-devel-linux-x86_64-fedora-clang, r-devel-linux-x86_64-fedora-gcc, r-devel-windows-x86_64-new-TK, r-patched-solaris-x86, r-release-macos-arm64, r-release-macos-x86_64, r-oldrel-macos-x86_64