CRAN Package Check Results for Package rWBclimate

Last updated on 2021-11-30 19:51:36 CET.

Flavor Version Tinstall Tcheck Ttotal Status Flags
r-devel-linux-x86_64-debian-clang 0.1.3 7.08 70.02 77.10 NOTE
r-devel-linux-x86_64-debian-gcc 0.1.3 5.73 52.16 57.89 NOTE
r-devel-linux-x86_64-fedora-clang 0.1.3 103.06 NOTE
r-devel-linux-x86_64-fedora-gcc 0.1.3 91.72 NOTE
r-devel-windows-x86_64-new-UL 0.1.3 17.00 109.00 126.00 NOTE
r-devel-windows-x86_64-new-TK 0.1.3 NOTE
r-devel-windows-x86_64-old 0.1.3 12.00 68.00 80.00 NOTE
r-patched-linux-x86_64 0.1.3 7.62 63.32 70.94 NOTE
r-patched-solaris-x86 0.1.3 138.30 NOTE
r-release-linux-x86_64 0.1.3 7.21 64.03 71.24 NOTE
r-release-macos-arm64 0.1.3 NOTE
r-release-macos-x86_64 0.1.3 NOTE
r-release-windows-ix86+x86_64 0.1.3 18.00 68.00 86.00 NOTE
r-oldrel-macos-x86_64 0.1.3 NOTE
r-oldrel-windows-ix86+x86_64 0.1.3 11.00 66.00 77.00 NOTE

Check Details

Version: 0.1.3
Check: R code for possible problems
Result: NOTE
    check_ISO_code: no visible binding for global variable 'NoAm_country'
    check_ISO_code: no visible binding for global variable 'SoAm_country'
    check_ISO_code: no visible binding for global variable 'Oceana_country'
    check_ISO_code: no visible binding for global variable 'Africa_country'
    check_ISO_code: no visible binding for global variable 'Asia_country'
    check_ISO_code: no visible binding for global variable 'Eur_country'
    climate_map: no visible binding for global variable 'data'
    date_correct: no visible global function definition for 'tail'
    Undefined global functions or variables:
     Africa_country Asia_country Eur_country NoAm_country Oceana_country
     SoAm_country data tail
    Consider adding
     importFrom("utils", "data", "tail")
    to your NAMESPACE file.
Flavors: r-devel-linux-x86_64-debian-clang, r-devel-linux-x86_64-debian-gcc, r-devel-linux-x86_64-fedora-clang, r-devel-linux-x86_64-fedora-gcc, r-devel-windows-x86_64-new-UL, r-devel-windows-x86_64-new-TK, r-devel-windows-x86_64-old, r-patched-linux-x86_64, r-patched-solaris-x86, r-release-linux-x86_64, r-release-macos-arm64, r-release-macos-x86_64, r-release-windows-ix86+x86_64, r-oldrel-macos-x86_64, r-oldrel-windows-ix86+x86_64