CRAN Package Check Results for Package rabi

Last updated on 2021-11-28 19:49:01 CET.

Flavor Version Tinstall Tcheck Ttotal Status Flags
r-devel-linux-x86_64-debian-clang 1.0.2 NOTE
r-devel-linux-x86_64-debian-gcc 1.0.2 2.92 48.01 50.93 NOTE
r-devel-linux-x86_64-fedora-clang 1.0.2 69.33 NOTE
r-devel-linux-x86_64-fedora-gcc 1.0.2 63.37 NOTE
r-devel-windows-x86_64-new-UL 1.0.2 10.00 95.00 105.00 NOTE
r-devel-windows-x86_64-new-TK 1.0.2 NOTE
r-devel-windows-x86_64-old 1.0.2 6.00 67.00 73.00 NOTE
r-patched-linux-x86_64 1.0.2 4.05 51.44 55.49 NOTE
r-patched-solaris-x86 1.0.2 78.20 NOTE
r-release-linux-x86_64 1.0.2 3.74 45.30 49.04 NOTE
r-release-macos-arm64 1.0.2 NOTE
r-release-macos-x86_64 1.0.2 NOTE
r-release-windows-ix86+x86_64 1.0.2 10.00 46.00 56.00 NOTE
r-oldrel-macos-x86_64 1.0.2 OK
r-oldrel-windows-ix86+x86_64 1.0.2 10.00 75.00 85.00 OK

Check Details

Version: 1.0.2
Check: LazyData
Result: NOTE
     'LazyData' is specified without a 'data' directory
Flavors: r-devel-linux-x86_64-debian-clang, r-devel-linux-x86_64-debian-gcc, r-devel-linux-x86_64-fedora-clang, r-devel-linux-x86_64-fedora-gcc, r-devel-windows-x86_64-new-UL, r-devel-windows-x86_64-new-TK, r-devel-windows-x86_64-old, r-patched-linux-x86_64, r-patched-solaris-x86, r-release-linux-x86_64, r-release-macos-arm64, r-release-macos-x86_64, r-release-windows-ix86+x86_64