CRAN Package Check Results for Package raceland

Last updated on 2021-12-08 19:51:44 CET.

Flavor Version Tinstall Tcheck Ttotal Status Flags
r-devel-linux-x86_64-debian-clang 1.1.1 71.25 402.60 473.85 OK
r-devel-linux-x86_64-debian-gcc 1.1.1 55.40 355.40 410.80 OK
r-devel-linux-x86_64-fedora-clang 1.1.1 592.62 NOTE
r-devel-linux-x86_64-fedora-gcc 1.1.1 573.47 NOTE
r-devel-windows-x86_64-new-UL 1.1.1 100.00 545.00 645.00 OK
r-devel-windows-x86_64-new-TK 1.1.1 NOTE
r-devel-windows-x86_64-old 1.1.1 101.00 419.00 520.00 OK
r-patched-linux-x86_64 1.1.1 63.21 396.16 459.37 OK
r-release-linux-x86_64 1.1.1 64.65 396.04 460.69 OK
r-release-macos-arm64 1.1.1 NOTE
r-release-macos-x86_64 1.1.1 NOTE
r-release-windows-ix86+x86_64 1.1.1 143.00 529.00 672.00 OK
r-oldrel-macos-x86_64 1.1.1 NOTE
r-oldrel-windows-ix86+x86_64 1.1.1 196.00 539.00 735.00 OK

Check Details

Version: 1.1.1
Check: dependencies in R code
Result: NOTE
    Namespaces in Imports field not imported from:
     ‘comat’ ‘rgdal’
     All declared Imports should be used.
Flavors: r-devel-linux-x86_64-fedora-clang, r-devel-linux-x86_64-fedora-gcc, r-devel-windows-x86_64-new-TK, r-release-macos-arm64, r-release-macos-x86_64, r-oldrel-macos-x86_64