CRAN Package Check Results for Package radiant.data

Last updated on 2021-02-28 19:48:09 CET.

Flavor Version Tinstall Tcheck Ttotal Status Flags
r-devel-linux-x86_64-debian-clang 1.3.12 OK
r-devel-linux-x86_64-debian-gcc 1.3.12 12.39 97.85 110.24 OK
r-devel-linux-x86_64-fedora-clang 1.3.12 182.63 NOTE
r-devel-linux-x86_64-fedora-gcc 1.3.12 178.47 OK
r-devel-windows-ix86+x86_64 1.3.12 27.00 123.00 150.00 OK
r-patched-linux-x86_64 1.3.12 15.40 122.45 137.85 OK
r-patched-solaris-x86 1.3.12 242.20 OK
r-release-linux-x86_64 1.3.12 14.12 122.95 137.07 OK
r-release-macos-x86_64 1.3.12 OK
r-release-windows-ix86+x86_64 1.3.12 38.00 127.00 165.00 OK
r-oldrel-macos-x86_64 1.3.12 OK
r-oldrel-windows-ix86+x86_64 1.3.12 24.00 178.00 202.00 OK

Check Details

Version: 1.3.12
Check: package dependencies
Result: NOTE
    Imports includes 27 non-default packages.
    Importing from so many packages makes the package vulnerable to any of
    them becoming unavailable. Move as many as possible to Suggests and
    use conditionally.
Flavor: r-devel-linux-x86_64-fedora-clang